{"id":24394,"name":"uchwala-sejmiku-nr-iii4122009-z-dnia-2009-08-26","title":"Uchwa\u0142a Sejmiku nr III\/41\/2\/2009 z dnia 2009-08-26","desc":"","header":"Uchwa\u0142a Sejmiku nr III\/41\/2\/2009 z dnia 2009-08-26","lead":"","keywords":"","changes":"Migracja danych","menu":"","path":"\/sejmik_wojewodztwa\/sesje_sejmiku\/uchwaly\/uchwala-sejmiku-nr-iii4122009-z-dnia-2009-08-26.html","url":"\/sejmik_wojewodztwa\/sesje_sejmiku\/uchwaly\/uchwala-sejmiku-nr-iii4122009-z-dnia-2009-08-26.html","infoOwner":"Urz\u0105d Marsza\u0142kowski Wojew\u00f3dztwa \u015al\u0105skiego","dateFirstPublicate":"2021-12-28 13:36:28","dateLastVersionPublicate":"2021-12-28 13:36:28","dateAvailableFrom":"","dateAvailableTo":"","type":"Uchwa\u0142a Sejmiku","pageParams":[{"id":"225","name":"DATA_OGLOSZENIA","description":"Data og\u0142oszenia","value":"2009-08-26"},{"id":"235","name":"W sprawie","description":"W sprawie","value":"upowa\u017cnienia Zarz\u0105du Wojew\u00f3dztwa \u015al\u0105skiego do przyj\u0119cia dotacji z Narodowego Funduszu Ochrony \u015arodowiska i Gospodarki Wodnej oraz zaci\u0105gni\u0119cia zobowi\u0105za\u0144 wekslowych tytu\u0142em zabezpieczenia wykonania umowy dotacji zawartej przez Samorz\u0105d Wojew\u00f3dztwa \u015al\u0105skiego z Narodowym Funduszem Ochrony \u015arodowiska i Gospodarki Wodnej z dnia 15 kwietnia 2009 roku, umowa nr 112 \/2009\/Wn-12\/OA-po\/D."},{"id":"299","name":"NUMER_UCHWALY_SEJMIKU","description":"Numer uchwa\u0142y","value":"III\/41\/02\/2009"}],"components":[{"id":"bf6d5eba-d119-11e7-80a9-005056b46601","type":"ContentWYSIWYG","name":"Tre\u015b\u0107","description":"Tre\u015b\u0107 strony","content":{"content":"\u003Cdiv class=\u0022lead1\u0022\u003ENa podstawie\u003Cbr \/\u003E\u00a7 18a ust. 2 pkt 4\u003Cbr \/\u003E Statutu Wojew\u00f3dztwa \u015al\u0105skiego\u003Cbr \/\u003E (Dz. Urz. Woj. \u015al. Nr 26 z 2001 roku, poz. 657 z p\u00f3\u017an. zm.)\u003Cbr \/\u003E w zwi\u0105zku art.18 pkt 20\u003Cbr \/\u003E ustawy z dnia 5 czerwca 1998 roku o samorz\u0105dzie wojew\u00f3dztwa\u003Cbr \/\u003E (t. j. Dz. U. Nr 142 z 2001 roku, poz. 1590 z p\u00f3\u017an. zm.)\u003C\/div\u003E\n\u003Cdiv class=\u0022tresc\u0022\u003E\n\u003Cdiv style=\u0022text-align: justify;\u0022\u003E\u003Cbr \/\u003E\n\u003Cdiv style=\u0022text-align: center;\u0022\u003E\u003Cspan style=\u0022font-weight: bold;\u0022\u003E\u00a7 1 \u003C\/span\u003E\u003C\/div\u003E\n\u003Cbr \/\u003E \u003Cbr \/\u003EUpowa\u017cnia si\u0119 Zarz\u0105d Wojew\u00f3dztwa \u015al\u0105skiego do przyj\u0119cia od Narodowego Funduszu Ochrony \u015arodowiska i Gospodarki Wodnej dotacji w kwocie do 500 tys. z\u0142 w zwi\u0105zku z zawarciem umowy o dofinansowanie w formie dotacji przedsi\u0119wzi\u0119cia nieinwestycyjnego pod nazw\u0105 \u003Cspan style=\u0022font-style: italic;\u0022\u003E\u201eProgram ochrony powietrza dla stref wojew\u00f3dztwa \u015bl\u0105skiego, w kt\u00f3rym stwierdzone zosta\u0142y ponadnormatywne poziomy substancji w powietrzu\u201d\u003C\/span\u003E. \u003Cbr \/\u003E\u003Cbr \/\u003E\u003Cbr \/\u003E\n\u003Cdiv style=\u0022text-align: center;\u0022\u003E\u003Cspan style=\u0022font-weight: bold;\u0022\u003E\u00a7 2 \u003C\/span\u003E\u003C\/div\u003E\n\u003Cbr \/\u003E \u003Cbr \/\u003EStwierdza si\u0119, \u017ce Zarz\u0105d Wojew\u00f3dztwa \u015al\u0105skiego jest uprawniony do zabezpieczenia sp\u0142aty dotacji, o kt\u00f3rej mowa w \u00a7 1 poprzez zaci\u0105gni\u0119cie w imieniu Wojew\u00f3dztwa \u015al\u0105skiego zobowi\u0105za\u0144 wekslowych. \u003Cbr \/\u003E\u003Cbr \/\u003E\u003Cbr \/\u003E\n\u003Cdiv style=\u0022text-align: center;\u0022\u003E\u003Cspan style=\u0022font-weight: bold;\u0022\u003E\u00a7 3 \u003C\/span\u003E\u003C\/div\u003E\n\u003Cbr \/\u003E \u003Cbr \/\u003EWykonanie uchwa\u0142y powierza si\u0119 Zarz\u0105dowi Wojew\u00f3dztwa \u015al\u0105skiego. \u003Cbr \/\u003E\u003Cbr \/\u003E\u003Cbr \/\u003E\n\u003Cdiv style=\u0022text-align: center;\u0022\u003E\u003Cspan style=\u0022font-weight: bold;\u0022\u003E\u00a7 4 \u003C\/span\u003E\u003C\/div\u003E\n\u003Cbr \/\u003E \u003Cbr \/\u003EUchwa\u0142a wchodzi w \u017cycie z dniem podj\u0119cia.\u003C\/div\u003E\n\u003C\/div\u003E","promotion":false}},{"id":"bf6dbc25-d119-11e7-80a9-005056b46601","type":"Gallery","name":"Galeria","description":"Galeria"},{"id":"bf6e1f6b-d119-11e7-80a9-005056b46601","type":"Attachment","name":"Za\u0142\u0105czniki","description":"Za\u0142\u0105czniki do strony"},{"id":"eba03b25-d9a7-11e7-b355-005056b70dba","type":"PageTitle","name":"","description":"Tytu\u0142 strony","content":{"title":"Uchwa\u0142a Sejmiku nr III\/41\/2\/2009 z dnia 2009-08-26"}},{"id":"eba07701-d9a7-11e7-b355-005056b70dba","type":"PageDescription","name":"","description":"Zajawka strony","content":[]},{"id":"1b1a7940-ff78-11e7-b81e-005056b7801d","type":"SectionDescription","name":"","description":"Zajawka sekcji","content":[]}]}

Uchwała Sejmiku nr III/41/2/2009 z dnia 2009-08-26

Urząd Marszałkowski Województwa Śląskiego

Uchwała Sejmiku

Data ogłoszenia

upoważnienia Zarządu Województwa Śląskiego do przyjęcia dotacji z Narodowego Funduszu Ochrony Środowiska i Gospodarki Wodnej oraz zaciągnięcia zobowiązań wekslowych tytułem zabezpieczenia wykonania umowy dotacji zawartej przez Samorząd Województwa Śląskiego z Narodowym Funduszem Ochrony Środowiska i Gospodarki Wodnej z dnia 15 kwietnia 2009 roku, umowa nr 112 /2009/Wn-12/OA-po/D.

Numer uchwały

Treść

Treść strony

<div class="lead1">Na podstawie<br />§ 18a ust. 2 pkt 4<br /> Statutu Województwa Śląskiego<br /> (Dz. Urz. Woj. Śl. Nr 26 z 2001 roku, poz. 657 z późn. zm.)<br /> w związku art.18 pkt 20<br /> ustawy z dnia 5 czerwca 1998 roku o samorządzie województwa<br /> (t. j. Dz. U. Nr 142 z 2001 roku, poz. 1590 z późn. zm.)</div>
<div class="tresc">
<div style="text-align: justify;"><br />
<div style="text-align: center;"><span style="font-weight: bold;">§ 1 </span></div>
<br /> <br />Upoważnia się Zarząd Województwa Śląskiego do przyjęcia od Narodowego Funduszu Ochrony Środowiska i Gospodarki Wodnej dotacji w kwocie do 500 tys. zł w związku z zawarciem umowy o dofinansowanie w formie dotacji przedsięwzięcia nieinwestycyjnego pod nazwą <span style="font-style: italic;">„Program ochrony powietrza dla stref województwa śląskiego, w którym stwierdzone zostały ponadnormatywne poziomy substancji w powietrzu”</span>. <br /><br /><br />
<div style="text-align: center;"><span style="font-weight: bold;">§ 2 </span></div>
<br /> <br />Stwierdza się, że Zarząd Województwa Śląskiego jest uprawniony do zabezpieczenia spłaty dotacji, o której mowa w § 1 poprzez zaciągnięcie w imieniu Województwa Śląskiego zobowiązań wekslowych. <br /><br /><br />
<div style="text-align: center;"><span style="font-weight: bold;">§ 3 </span></div>
<br /> <br />Wykonanie uchwały powierza się Zarządowi Województwa Śląskiego. <br /><br /><br />
<div style="text-align: center;"><span style="font-weight: bold;">§ 4 </span></div>
<br /> <br />Uchwała wchodzi w życie z dniem podjęcia.</div>
</div>

Załączniki

Załączniki do strony

Tytuł strony
