{"id":24226,"name":"uchwala-sejmiku-nr-iii44122009-z-dnia-2009-11-18","title":"Uchwa\u0142a Sejmiku nr III\/44\/12\/2009 z dnia 2009-11-18","desc":"","header":"Uchwa\u0142a Sejmiku nr III\/44\/12\/2009 z dnia 2009-11-18","lead":"","keywords":"","changes":"Migracja danych","menu":"","path":"\/sejmik_wojewodztwa\/sesje_sejmiku\/uchwaly\/uchwala-sejmiku-nr-iii44122009-z-dnia-2009-11-18.html","url":"\/sejmik_wojewodztwa\/sesje_sejmiku\/uchwaly\/uchwala-sejmiku-nr-iii44122009-z-dnia-2009-11-18.html","infoOwner":"Urz\u0105d Marsza\u0142kowski Wojew\u00f3dztwa \u015al\u0105skiego","dateFirstPublicate":"2021-12-27 13:25:40","dateLastVersionPublicate":"2021-12-27 13:25:40","dateAvailableFrom":"","dateAvailableTo":"","type":"Uchwa\u0142a Sejmiku","pageParams":[{"id":"225","name":"DATA_OGLOSZENIA","description":"Data og\u0142oszenia","value":"2009-11-18"},{"id":"235","name":"W sprawie","description":"W sprawie","value":"wyznaczenia Aglomeracji W\u0119gierska G\u00f3rka"},{"id":"299","name":"NUMER_UCHWALY_SEJMIKU","description":"Numer uchwa\u0142y","value":"III\/44\/12\/2009"}],"components":[{"id":"bf6d5eba-d119-11e7-80a9-005056b46601","type":"ContentWYSIWYG","name":"Tre\u015b\u0107","description":"Tre\u015b\u0107 strony","content":{"content":"\u003Cdiv class=\u0022lead1\u0022\u003ENa podstawie\u003Cbr \/\u003Eart. 18 pkt 20\u003Cbr \/\u003E ustawy z dnia 5 czerwca 1998 roku o samorz\u0105dzie wojew\u00f3dztwa\u003Cbr \/\u003E (t. j. Dz. U. Nr 142 z 2001 roku, poz. 1590 z p\u00f3\u017an. zm.)\u003Cbr \/\u003E w zwi\u0105zku z art. 43 ust. 2 a\u003Cbr \/\u003E ustawy z dnia 18 lipca 2001 roku Prawo wodne\u003Cbr \/\u003E (t. j. Dz. U. Nr 239 z 2005 roku, poz. 2019 z p\u00f3\u017an. zm.)\u003C\/div\u003E\n\u003Cdiv class=\u0022tresc\u0022\u003E\n\u003Cdiv style=\u0022text-align: justify;\u0022\u003E\u003Cbr \/\u003E\n\u003Cdiv style=\u0022text-align: center;\u0022\u003E\u003Cspan style=\u0022font-weight: bold;\u0022\u003E\u00a7 1 \u003C\/span\u003E\u003C\/div\u003E\n\u003Cbr \/\u003E \u003Cbr \/\u003E1. Wyznacza si\u0119 \u003Cspan style=\u0022font-style: italic;\u0022\u003EAglomeracj\u0119 W\u0119gierska G\u00f3rka\u003C\/span\u003E, zwan\u0105 dalej \u003Cspan style=\u0022font-style: italic;\u0022\u003Eaglomeracj\u0105\u003C\/span\u003E, o r\u00f3wnowa\u017cnej liczbie mieszka\u0144c\u00f3w 42 849 RLM, z oczyszczalni\u0105 \u015bciek\u00f3w komunalnych w gminie W\u0119gierska G\u00f3rka, miejscowo\u015bci Ci\u0119cina, przy ulicy Granicznej 1. \u003Cbr \/\u003E\u003Cbr \/\u003E2. Aglomeracja zlokalizowana jest w wojew\u00f3dztwie \u015bl\u0105skim, powiecie \u017cywieckim, w gminach: Mil\u00f3wka, Rajcza, Ujso\u0142y i W\u0119gierska G\u00f3rka. \u003Cbr \/\u003E\u003Cbr \/\u003E3. Aglomeracj\u0119 tworz\u0105 nast\u0119puj\u0105ce miejscowo\u015bci: \u003Cbr \/\u003E\u003Cbr \/\u003E\n\u003Cdiv style=\u0022margin-left: 40px;\u0022\u003E\u2013 w gminie Mil\u00f3wka - Mil\u00f3wka, Kamesznica, Nieledwia, Szare, Laliki, \u003Cbr \/\u003E\u2013 w gminie Rajcza - Rajcza, Rycerka Dolna, Rycerka G\u00f3rna, S\u00f3l, S\u00f3l \u2013 Kiczora, \u003Cbr \/\u003E\u2013 w gminie Ujso\u0142y - Sobl\u00f3wka, Ujso\u0142y, Z\u0142atna, \u003Cbr \/\u003E\u2013 w gminie W\u0119gierska G\u00f3rka - Ci\u0119cina, Cisiec, W\u0119gierska G\u00f3rka, \u017babnica.\u003C\/div\u003E\n\u003Cbr \/\u003E \u003Cbr \/\u003E\u003Cbr \/\u003E\n\u003Cdiv style=\u0022text-align: center;\u0022\u003E\u003Cspan style=\u0022font-weight: bold;\u0022\u003E\u00a7 2 \u003C\/span\u003E\u003C\/div\u003E\n\u003Cbr \/\u003E \u003Cbr \/\u003EObszar i granice aglomeracji, o kt\u00f3rej mowa w \u00a7 1 s\u0105 oznaczone na mapach w skali 1: 25 000, stanowi\u0105cych za\u0142\u0105czniki Nr 1, 2, 3, 4 i 5 do niniejszej uchwa\u0142y. \u003Cbr \/\u003E\u003Cbr \/\u003E\u003Cbr \/\u003E\n\u003Cdiv style=\u0022text-align: center;\u0022\u003E\u003Cspan style=\u0022font-weight: bold;\u0022\u003E\u00a7 3 \u003C\/span\u003E\u003C\/div\u003E\n\u003Cbr \/\u003E \u003Cbr \/\u003ETraci moc Rozporz\u0105dzenie Wojewody \u015al\u0105skiego Nr 27\/06 z dnia 9 maja 2006 roku w sprawie wyznaczenia aglomeracji W\u0119gierska G\u00f3rka. \u003Cbr \/\u003E\u003Cbr \/\u003E\u003Cbr \/\u003E\n\u003Cdiv style=\u0022text-align: center;\u0022\u003E\u003Cspan style=\u0022font-weight: bold;\u0022\u003E\u00a7 4 \u003C\/span\u003E\u003C\/div\u003E\n\u003Cbr \/\u003E \u003Cbr \/\u003EWykonanie uchwa\u0142y powierza si\u0119 Zarz\u0105dowi Wojew\u00f3dztwa \u015al\u0105skiego. \u003Cbr \/\u003E\u003Cbr \/\u003E\u003Cbr \/\u003E\n\u003Cdiv style=\u0022text-align: center;\u0022\u003E\u003Cspan style=\u0022font-weight: bold;\u0022\u003E\u00a7 5\u003C\/span\u003E\u003C\/div\u003E\n\u003Cbr \/\u003E \u003Cbr \/\u003EUchwa\u0142a wchodzi w \u017cycie po up\u0142ywie 14 dni od dnia og\u0142oszenia w Dzienniku Urz\u0119dowym Wojew\u00f3dztwa \u015al\u0105skiego.\u003Cbr \/\u003E\u003Cbr \/\u003E\u003Cbr \/\u003E\u003Cbr \/\u003E\u003Cbr \/\u003E\u003Cspan style=\u0022font-weight: bold;\u0022\u003EZa\u0142\u0105czniki nr 2, 3, 4, 5 do uchwa\u0142y Nr III\/44\/12\/2009\u003Cbr \/\u003E\u003C\/span\u003Edost\u0119pne s\u0105 do wgl\u0105du w Kancelarii Sejmiku Wojew\u00f3dztwa \u015al\u0105skiego.\u003C\/div\u003E\n\u003C\/div\u003E","promotion":false}},{"id":"bf6dbc25-d119-11e7-80a9-005056b46601","type":"Gallery","name":"Galeria","description":"Galeria"},{"id":"bf6e1f6b-d119-11e7-80a9-005056b46601","type":"Attachment","name":"Za\u0142\u0105czniki","description":"Za\u0142\u0105czniki do strony","content":[{"src":"\/resource\/44003\/Za%25C5%2582%25C4%2585cznik+1+do+uchwa%25C5%2582y+Nr+III-44-12-2009.jpg","extension":"JPG","name":"4788caf09cfb5096d3486980e171097d.jpg","size":"5.05 MB"}]},{"id":"eba03b25-d9a7-11e7-b355-005056b70dba","type":"PageTitle","name":"","description":"Tytu\u0142 strony","content":{"title":"Uchwa\u0142a Sejmiku nr III\/44\/12\/2009 z dnia 2009-11-18"}},{"id":"eba07701-d9a7-11e7-b355-005056b70dba","type":"PageDescription","name":"","description":"Zajawka strony","content":[]},{"id":"1b1a7940-ff78-11e7-b81e-005056b7801d","type":"SectionDescription","name":"","description":"Zajawka sekcji","content":[]}]}

Uchwała Sejmiku nr III/44/12/2009 z dnia 2009-11-18

Urząd Marszałkowski Województwa Śląskiego

Uchwała Sejmiku

Data ogłoszenia

wyznaczenia Aglomeracji Węgierska Górka

Numer uchwały

Treść

Treść strony

<div class="lead1">Na podstawie<br />art. 18 pkt 20<br /> ustawy z dnia 5 czerwca 1998 roku o samorządzie województwa<br /> (t. j. Dz. U. Nr 142 z 2001 roku, poz. 1590 z późn. zm.)<br /> w związku z art. 43 ust. 2 a<br /> ustawy z dnia 18 lipca 2001 roku Prawo wodne<br /> (t. j. Dz. U. Nr 239 z 2005 roku, poz. 2019 z późn. zm.)</div>
<div class="tresc">
<div style="text-align: justify;"><br />
<div style="text-align: center;"><span style="font-weight: bold;">§ 1 </span></div>
<br /> <br />1. Wyznacza się <span style="font-style: italic;">Aglomerację Węgierska Górka</span>, zwaną dalej <span style="font-style: italic;">aglomeracją</span>, o równoważnej liczbie mieszkańców 42 849 RLM, z oczyszczalnią ścieków komunalnych w gminie Węgierska Górka, miejscowości Cięcina, przy ulicy Granicznej 1. <br /><br />2. Aglomeracja zlokalizowana jest w województwie śląskim, powiecie żywieckim, w gminach: Milówka, Rajcza, Ujsoły i Węgierska Górka. <br /><br />3. Aglomerację tworzą następujące miejscowości: <br /><br />
<div style="margin-left: 40px;">– w gminie Milówka - Milówka, Kamesznica, Nieledwia, Szare, Laliki, <br />– w gminie Rajcza - Rajcza, Rycerka Dolna, Rycerka Górna, Sól, Sól – Kiczora, <br />– w gminie Ujsoły - Soblówka, Ujsoły, Złatna, <br />– w gminie Węgierska Górka - Cięcina, Cisiec, Węgierska Górka, Żabnica.</div>
<br /> <br /><br />
<div style="text-align: center;"><span style="font-weight: bold;">§ 2 </span></div>
<br /> <br />Obszar i granice aglomeracji, o której mowa w § 1 są oznaczone na mapach w skali 1: 25 000, stanowiących załączniki Nr 1, 2, 3, 4 i 5 do niniejszej uchwały. <br /><br /><br />
<div style="text-align: center;"><span style="font-weight: bold;">§ 3 </span></div>
<br /> <br />Traci moc Rozporządzenie Wojewody Śląskiego Nr 27/06 z dnia 9 maja 2006 roku w sprawie wyznaczenia aglomeracji Węgierska Górka. <br /><br /><br />
<div style="text-align: center;"><span style="font-weight: bold;">§ 4 </span></div>
<br /> <br />Wykonanie uchwały powierza się Zarządowi Województwa Śląskiego. <br /><br /><br />
<div style="text-align: center;"><span style="font-weight: bold;">§ 5</span></div>
<br /> <br />Uchwała wchodzi w życie po upływie 14 dni od dnia ogłoszenia w Dzienniku Urzędowym Województwa Śląskiego.<br /><br /><br /><br /><br /><span style="font-weight: bold;">Załączniki nr 2, 3, 4, 5 do uchwały Nr III/44/12/2009<br /></span>dostępne są do wglądu w Kancelarii Sejmiku Województwa Śląskiego.</div>
</div>

Załączniki

Załączniki do strony

Tytuł strony
