{"id":24219,"name":"uchwala-sejmiku-nr-iii4482009-z-dnia-2009-11-18","title":"Uchwa\u0142a Sejmiku nr III\/44\/8\/2009 z dnia 2009-11-18","desc":"","header":"Uchwa\u0142a Sejmiku nr III\/44\/8\/2009 z dnia 2009-11-18","lead":"","keywords":"","changes":"Migracja danych","menu":"","path":"\/sejmik_wojewodztwa\/sesje_sejmiku\/uchwaly\/uchwala-sejmiku-nr-iii4482009-z-dnia-2009-11-18.html","url":"\/sejmik_wojewodztwa\/sesje_sejmiku\/uchwaly\/uchwala-sejmiku-nr-iii4482009-z-dnia-2009-11-18.html","infoOwner":"Urz\u0105d Marsza\u0142kowski Wojew\u00f3dztwa \u015al\u0105skiego","dateFirstPublicate":"2021-12-27 13:10:32","dateLastVersionPublicate":"2021-12-27 13:10:32","dateAvailableFrom":"","dateAvailableTo":"","type":"Uchwa\u0142a Sejmiku","pageParams":[{"id":"225","name":"DATA_OGLOSZENIA","description":"Data og\u0142oszenia","value":"2009-11-18"},{"id":"235","name":"W sprawie","description":"W sprawie","value":"wynagrodzenia Marsza\u0142ka Wojew\u00f3dztwa \u015al\u0105skiego"},{"id":"299","name":"NUMER_UCHWALY_SEJMIKU","description":"Numer uchwa\u0142y","value":"III\/44\/08\/2009"}],"components":[{"id":"bf6d5eba-d119-11e7-80a9-005056b46601","type":"ContentWYSIWYG","name":"Tre\u015b\u0107","description":"Tre\u015b\u0107 strony","content":{"content":"\u003Cdiv class=\u0022lead1\u0022\u003ENa podstawie\u003Cbr \/\u003Eart. 18 pkt 15\u003Cbr \/\u003E ustawy z dnia 5 czerwca 1998 roku o samorz\u0105dzie wojew\u00f3dztwa\u003Cbr \/\u003E (t. j. Dz. U. Nr 142 z 2001 roku, poz. 1590 z p\u00f3\u017an. zm.)\u003Cbr \/\u003E w zwi\u0105zku z art. 10 ust. 2\u003Cbr \/\u003E ustawy z dnia 21 listopada 2008 roku o pracownikach samorz\u0105dowych\u003Cbr \/\u003E (Dz. U. Nr 223, poz. 1458),\u003Cbr \/\u003E zgodnie z \u00a7 6 oraz za\u0142\u0105cznikiem nr 3\u003Cbr \/\u003E rozporz\u0105dzenia Rady Ministr\u00f3w z dnia 18 marca 2009 roku\u003Cbr \/\u003E w sprawie wynagradzania pracownik\u00f3w samorz\u0105dowych\u003Cbr \/\u003E (Dz. U. Nr 50, poz. 398)\u003C\/div\u003E\n\u003Cdiv class=\u0022tresc\u0022\u003E\n\u003Cdiv style=\u0022text-align: justify;\u0022\u003E\u003Cbr \/\u003E\n\u003Cdiv style=\u0022text-align: center;\u0022\u003E\u003Cspan style=\u0022font-weight: bold;\u0022\u003E\u00a7 1 \u003C\/span\u003E\u003C\/div\u003E\n\u003Cbr \/\u003E \u003Cbr \/\u003EUstala si\u0119 sk\u0142adniki miesi\u0119cznego wynagrodzenia brutto dla Marsza\u0142ka Wojew\u00f3dztwa \u015al\u0105skiego \u2013 Pana Bogus\u0142awa \u015amigielskiego, w nast\u0119puj\u0105cej wysoko\u015bci: \u003Cbr \/\u003E\u003Cbr \/\u003E\u003Cbr \/\u003E\n\u003Cdiv style=\u0022margin-left: 40px;\u0022\u003Ea) wynagrodzenie zasadnicze w wysoko\u015bci 5.840,00 z\u0142 (s\u0142ownie: pi\u0119\u0107 tysi\u0119cy osiemset czterdzie\u015bci z\u0142otych), \u003Cbr \/\u003E\u003Cbr \/\u003Eb) dodatek funkcyjny w kwocie 2.500,00 z\u0142 (s\u0142ownie: dwa tysi\u0105ce pi\u0119\u0107set z\u0142otych), \u003Cbr \/\u003E\u003Cbr \/\u003Ec) dodatek specjalny w wysoko\u015bci 40 % liczony \u0142\u0105cznie od wynagrodzenia zasadniczego i dodatku funkcyjnego w kwocie 3.336,00 z\u0142 (s\u0142ownie: trzy tysi\u0105ce trzysta trzydzie\u015bci sze\u015b\u0107 z\u0142otych), \u003Cbr \/\u003E\u003Cbr \/\u003Ed) dodatek za wieloletni\u0105 prac\u0119 zgodnie zobowi\u0105zuj\u0105cymi przepisami.\u003C\/div\u003E\n\u003Cbr \/\u003E \u003Cbr \/\u003E\u003Cbr \/\u003E\n\u003Cdiv style=\u0022text-align: center;\u0022\u003E\u003Cspan style=\u0022font-weight: bold;\u0022\u003E\u00a7 2 \u003C\/span\u003E\u003C\/div\u003E\n\u003Cbr \/\u003E \u003Cbr \/\u003ETraci moc uchwa\u0142a Nr III\/20\/18\/2008 Sejmiku Wojew\u00f3dztwa \u015al\u0105skiego z dnia 28 stycznia 2008 roku w sprawie wynagrodzenia Marsza\u0142ka Wojew\u00f3dztwa \u015al\u0105skiego. \u003Cbr \/\u003E\u003Cbr \/\u003E\u003Cbr \/\u003E\n\u003Cdiv style=\u0022text-align: center;\u0022\u003E\u003Cspan style=\u0022font-weight: bold;\u0022\u003E\u00a7 3 \u003C\/span\u003E\u003C\/div\u003E\n\u003Cbr \/\u003E \u003Cbr \/\u003EWykonanie uchwa\u0142y powierza si\u0119 Przewodnicz\u0105cemu Sejmiku Wojew\u00f3dztwa \u015al\u0105skiego. \u003Cbr \/\u003E\u003Cbr \/\u003E\u003Cbr \/\u003E\n\u003Cdiv style=\u0022text-align: center;\u0022\u003E\u003Cspan style=\u0022font-weight: bold;\u0022\u003E\u00a7 4 \u003C\/span\u003E\u003C\/div\u003E\n\u003Cbr \/\u003E \u003Cbr \/\u003EUchwa\u0142a wchodzi w \u017cycie z dniem podj\u0119cia, z moc\u0105 obowi\u0105zuj\u0105c\u0105 od dnia 1 grudnia 2009 roku.\u003C\/div\u003E\n\u003C\/div\u003E","promotion":false}},{"id":"bf6dbc25-d119-11e7-80a9-005056b46601","type":"Gallery","name":"Galeria","description":"Galeria"},{"id":"bf6e1f6b-d119-11e7-80a9-005056b46601","type":"Attachment","name":"Za\u0142\u0105czniki","description":"Za\u0142\u0105czniki do strony"},{"id":"eba03b25-d9a7-11e7-b355-005056b70dba","type":"PageTitle","name":"","description":"Tytu\u0142 strony","content":{"title":"Uchwa\u0142a Sejmiku nr III\/44\/8\/2009 z dnia 2009-11-18"}},{"id":"eba07701-d9a7-11e7-b355-005056b70dba","type":"PageDescription","name":"","description":"Zajawka strony","content":[]},{"id":"1b1a7940-ff78-11e7-b81e-005056b7801d","type":"SectionDescription","name":"","description":"Zajawka sekcji","content":[]}]}

Uchwała Sejmiku nr III/44/8/2009 z dnia 2009-11-18

Urząd Marszałkowski Województwa Śląskiego

Uchwała Sejmiku

Data ogłoszenia

wynagrodzenia Marszałka Województwa Śląskiego

Numer uchwały

Treść

Treść strony

<div class="lead1">Na podstawie<br />art. 18 pkt 15<br /> ustawy z dnia 5 czerwca 1998 roku o samorządzie województwa<br /> (t. j. Dz. U. Nr 142 z 2001 roku, poz. 1590 z późn. zm.)<br /> w związku z art. 10 ust. 2<br /> ustawy z dnia 21 listopada 2008 roku o pracownikach samorządowych<br /> (Dz. U. Nr 223, poz. 1458),<br /> zgodnie z § 6 oraz załącznikiem nr 3<br /> rozporządzenia Rady Ministrów z dnia 18 marca 2009 roku<br /> w sprawie wynagradzania pracowników samorządowych<br /> (Dz. U. Nr 50, poz. 398)</div>
<div class="tresc">
<div style="text-align: justify;"><br />
<div style="text-align: center;"><span style="font-weight: bold;">§ 1 </span></div>
<br /> <br />Ustala się składniki miesięcznego wynagrodzenia brutto dla Marszałka Województwa Śląskiego – Pana Bogusława Śmigielskiego, w następującej wysokości: <br /><br /><br />
<div style="margin-left: 40px;">a) wynagrodzenie zasadnicze w wysokości 5.840,00 zł (słownie: pięć tysięcy osiemset czterdzieści złotych), <br /><br />b) dodatek funkcyjny w kwocie 2.500,00 zł (słownie: dwa tysiące pięćset złotych), <br /><br />c) dodatek specjalny w wysokości 40 % liczony łącznie od wynagrodzenia zasadniczego i dodatku funkcyjnego w kwocie 3.336,00 zł (słownie: trzy tysiące trzysta trzydzieści sześć złotych), <br /><br />d) dodatek za wieloletnią pracę zgodnie zobowiązującymi przepisami.</div>
<br /> <br /><br />
<div style="text-align: center;"><span style="font-weight: bold;">§ 2 </span></div>
<br /> <br />Traci moc uchwała Nr III/20/18/2008 Sejmiku Województwa Śląskiego z dnia 28 stycznia 2008 roku w sprawie wynagrodzenia Marszałka Województwa Śląskiego. <br /><br /><br />
<div style="text-align: center;"><span style="font-weight: bold;">§ 3 </span></div>
<br /> <br />Wykonanie uchwały powierza się Przewodniczącemu Sejmiku Województwa Śląskiego. <br /><br /><br />
<div style="text-align: center;"><span style="font-weight: bold;">§ 4 </span></div>
<br /> <br />Uchwała wchodzi w życie z dniem podjęcia, z mocą obowiązującą od dnia 1 grudnia 2009 roku.</div>
</div>

Załączniki

Załączniki do strony

Tytuł strony
