{"id":24189,"name":"uchwala-sejmiku-nr-iii45172009-z-dnia-2009-12-17","title":"Uchwa\u0142a Sejmiku nr III\/45\/17\/2009 z dnia 2009-12-17","desc":"","header":"Uchwa\u0142a Sejmiku nr III\/45\/17\/2009 z dnia 2009-12-17","lead":"","keywords":"","changes":"Migracja danych","menu":"","path":"\/sejmik_wojewodztwa\/sesje_sejmiku\/uchwaly\/uchwala-sejmiku-nr-iii45172009-z-dnia-2009-12-17.html","url":"\/sejmik_wojewodztwa\/sesje_sejmiku\/uchwaly\/uchwala-sejmiku-nr-iii45172009-z-dnia-2009-12-17.html","infoOwner":"Urz\u0105d Marsza\u0142kowski Wojew\u00f3dztwa \u015al\u0105skiego","dateFirstPublicate":"2021-12-27 11:31:05","dateLastVersionPublicate":"2021-12-27 11:31:05","dateAvailableFrom":"","dateAvailableTo":"","type":"Uchwa\u0142a Sejmiku","pageParams":[{"id":"225","name":"DATA_OGLOSZENIA","description":"Data og\u0142oszenia","value":"2009-12-17"},{"id":"235","name":"W sprawie","description":"W sprawie","value":"wyznaczenia Aglomeracji \u017bywiec"},{"id":"299","name":"NUMER_UCHWALY_SEJMIKU","description":"Numer uchwa\u0142y","value":"III\/45\/17\/2009"}],"components":[{"id":"bf6d5eba-d119-11e7-80a9-005056b46601","type":"ContentWYSIWYG","name":"Tre\u015b\u0107","description":"Tre\u015b\u0107 strony","content":{"content":"\u003Cdiv class=\u0022tresc1\u0022\u003E\n\u003Cdiv class=\u0022lead1\u0022\u003ENa podstawie\u003Cbr \/\u003Eart. 18 pkt 20\u003Cbr \/\u003E ustawy z dnia 5 czerwca 1998 roku o samorz\u0105dzie wojew\u00f3dztwa\u003Cbr \/\u003E (t. j. Dz. U. Nr 142 z 2001 roku, poz. 1590 z p\u00f3\u017an. zm.)\u003Cbr \/\u003E w zwi\u0105zku z art. 43 ust. 2 a\u003Cbr \/\u003E ustawy z dnia 18 lipca 2001 roku Prawo wodne\u003Cbr \/\u003E (t. j. Dz. U. Nr 239 z 2005 roku, poz. 2019 z p\u00f3\u017an. zm.)\u003Cbr \/\u003E oraz art. 146 pkt 3 lit. a\u003Cbr \/\u003E ustawy z dnia 3 pa\u017adziernika 2008 roku o udost\u0119pnianiu informacji\u003Cbr \/\u003E o \u015brodowisku i jego ochronie, udziale spo\u0142ecze\u0144stwa w ochronie \u015brodowiska\u003Cbr \/\u003E oraz o ocenach oddzia\u0142ywania na \u015brodowisko\u003Cbr \/\u003E (Dz. U. Nr 199 z 2008 roku, poz. 1227 z p\u00f3\u017an. zm.)\u003C\/div\u003E\n\u003Cdiv class=\u0022tresc\u0022\u003E\n\u003Cdiv style=\u0022text-align: justify;\u0022\u003E\u003Cbr \/\u003E\n\u003Cdiv style=\u0022text-align: center;\u0022\u003E\u003Cspan style=\u0022font-weight: bold;\u0022\u003E\u00a7 1 \u003C\/span\u003E\u003C\/div\u003E\n\u003Cbr \/\u003E \u003Cbr \/\u003E1. Wyznacza si\u0119 Aglomeracj\u0119 \u017bywiec, zwan\u0105 dalej aglomeracj\u0105, o r\u00f3wnowa\u017cnej liczbie mieszka\u0144c\u00f3w 204 545 RLM, z oczyszczalni\u0105 \u015bciek\u00f3w komunalnych zlokalizowan\u0105 w \u017bywcu, przy ulicy Brackiej 66. \u003Cbr \/\u003E\u003Cbr \/\u003E2. Aglomeracja zlokalizowana jest w wojew\u00f3dztwie \u015bl\u0105skim, powiecie \u017cywieckim, w gminach: \u017bywiec, Gilowice, Jele\u015bnia, Koszarawa, Lipowa, \u0141odygowice, Radziechowy - Wieprz, \u015awinna. \u003Cbr \/\u003E\u003Cbr \/\u003E3. Aglomeracj\u0119 tworz\u0105 nast\u0119puj\u0105ce miejscowo\u015bci: \u003Cbr \/\u003E- w gminie \u017bywiec: miasto \u017bywiec, \u003Cbr \/\u003E- w gminie Gilowice: Gilowice, Rychwa\u0142d, \u003Cbr \/\u003E- w gminie Jele\u015bnia: Mutne, Przybor\u00f3w, Pewel Wielka, Krzy\u017cowa, Sopotnia Wielka, Krzy\u017c\u00f3wki, Korbiel\u00f3w, Jele\u015bnia, Sopotnia Ma\u0142a, \u003Cbr \/\u003E- w gminie Koszarawa: Koszarawa, \u003Cbr \/\u003E- w gminie Lipowa: Lipowa, Le\u015bna, Ostre, Sienna, S\u0142otwina, Twardorzeczka, \u003Cbr \/\u003E- w gminie \u0141odygowice: \u0141odygowice, Pietrzykowice, Zarzecze, Bierna, \u003Cbr \/\u003E- w gminie Radziechowy-Wieprz: Radziechowy,Wieprz, Juszczyna, Bystra, Brzu\u015bnik, Przyb\u0119dza, \u003Cbr \/\u003E- w gminie \u015awinna: Pewel Ma\u0142a, Pewel \u015alemie\u0144ska, \u015awinna, Przy\u0142\u0119k\u00f3w, Rychwa\u0142dek, Trzebinia. \u003Cbr \/\u003E\u003Cbr \/\u003E\u003Cbr \/\u003E\n\u003Cdiv style=\u0022text-align: center;\u0022\u003E\u003Cspan style=\u0022font-weight: bold;\u0022\u003E\u00a7 2 \u003C\/span\u003E\u003C\/div\u003E\n\u003Cbr \/\u003E \u003Cbr \/\u003EObszar i granice aglomeracji, o kt\u00f3rej mowa w \u00a7 1, s\u0105 oznaczone na mapach w skali 1: 25 000, stanowi\u0105cych za\u0142\u0105czniki Nr 1, 2, 3, 4, 5, 6, 7, 8 i 9 do niniejszej uchwa\u0142y. \u003Cbr \/\u003E\u003Cbr \/\u003E\u003Cbr \/\u003E\n\u003Cdiv style=\u0022text-align: center;\u0022\u003E\u003Cspan style=\u0022font-weight: bold;\u0022\u003E\u00a7 3 \u003C\/span\u003E\u003C\/div\u003E\n\u003Cbr \/\u003E \u003Cbr \/\u003ETraci moc Rozporz\u0105dzenie Wojewody \u015al\u0105skiego Nr 19\/08 z dnia 12 marca 2008 roku, zmienione Rozporz\u0105dzeniem Wojewody \u015al\u0105skiego Nr 35\/08 z dnia 25 czerwca 2008 roku. \u003Cbr \/\u003E\u003Cbr \/\u003E\u003Cbr \/\u003E\n\u003Cdiv style=\u0022text-align: center;\u0022\u003E\u003Cspan style=\u0022font-weight: bold;\u0022\u003E\u00a7 4 \u003C\/span\u003E\u003C\/div\u003E\n\u003Cbr \/\u003E \u003Cbr \/\u003EWykonanie uchwa\u0142y powierza si\u0119 Zarz\u0105dowi Wojew\u00f3dztwa \u015al\u0105skiego. \u003Cbr \/\u003E\u003Cbr \/\u003E\u003Cbr \/\u003E\n\u003Cdiv style=\u0022text-align: center;\u0022\u003E\u003Cspan style=\u0022font-weight: bold;\u0022\u003E\u00a7 5 \u003C\/span\u003E\u003C\/div\u003E\n\u003Cbr \/\u003E \u003Cbr \/\u003EUchwa\u0142a wchodzi w \u017cycie po up\u0142ywie 14 dni od dnia og\u0142oszenia w Dzienniku Urz\u0119dowym Wojew\u00f3dztwa \u015al\u0105skiego.\u003Cbr \/\u003E\u003Cbr \/\u003E\u003Cbr \/\u003E\u003Cbr \/\u003E\u003Cspan class=\u0022tekst\u0022\u003E\u003Cspan style=\u0022font-weight: bold;\u0022\u003EZa\u0142\u0105czniki nr 1, 2, 3, 4, 5, 6, 7, 8, 9 do uchwa\u0142y Nr III\/45\/17\/2009\u003Cbr \/\u003E\u003C\/span\u003Edost\u0119pne s\u0105 do wgl\u0105du w Kancelarii Sejmiku Wojew\u00f3dztwa \u015al\u0105skiego. \u003C\/span\u003E\u003C\/div\u003E\n\u003C\/div\u003E\n\u003C\/div\u003E","promotion":false}},{"id":"bf6dbc25-d119-11e7-80a9-005056b46601","type":"Gallery","name":"Galeria","description":"Galeria"},{"id":"bf6e1f6b-d119-11e7-80a9-005056b46601","type":"Attachment","name":"Za\u0142\u0105czniki","description":"Za\u0142\u0105czniki do strony"},{"id":"eba03b25-d9a7-11e7-b355-005056b70dba","type":"PageTitle","name":"","description":"Tytu\u0142 strony","content":{"title":"Uchwa\u0142a Sejmiku nr III\/45\/17\/2009 z dnia 2009-12-17"}},{"id":"eba07701-d9a7-11e7-b355-005056b70dba","type":"PageDescription","name":"","description":"Zajawka strony","content":[]},{"id":"1b1a7940-ff78-11e7-b81e-005056b7801d","type":"SectionDescription","name":"","description":"Zajawka sekcji","content":[]}]}

Uchwała Sejmiku nr III/45/17/2009 z dnia 2009-12-17

Urząd Marszałkowski Województwa Śląskiego

Uchwała Sejmiku

Data ogłoszenia

wyznaczenia Aglomeracji Żywiec

Numer uchwały

Treść

Treść strony

<div class="tresc1">
<div class="lead1">Na podstawie<br />art. 18 pkt 20<br /> ustawy z dnia 5 czerwca 1998 roku o samorządzie województwa<br /> (t. j. Dz. U. Nr 142 z 2001 roku, poz. 1590 z późn. zm.)<br /> w związku z art. 43 ust. 2 a<br /> ustawy z dnia 18 lipca 2001 roku Prawo wodne<br /> (t. j. Dz. U. Nr 239 z 2005 roku, poz. 2019 z późn. zm.)<br /> oraz art. 146 pkt 3 lit. a<br /> ustawy z dnia 3 października 2008 roku o udostępnianiu informacji<br /> o środowisku i jego ochronie, udziale społeczeństwa w ochronie środowiska<br /> oraz o ocenach oddziaływania na środowisko<br /> (Dz. U. Nr 199 z 2008 roku, poz. 1227 z późn. zm.)</div>
<div class="tresc">
<div style="text-align: justify;"><br />
<div style="text-align: center;"><span style="font-weight: bold;">§ 1 </span></div>
<br /> <br />1. Wyznacza się Aglomerację Żywiec, zwaną dalej aglomeracją, o równoważnej liczbie mieszkańców 204 545 RLM, z oczyszczalnią ścieków komunalnych zlokalizowaną w Żywcu, przy ulicy Brackiej 66. <br /><br />2. Aglomeracja zlokalizowana jest w województwie śląskim, powiecie żywieckim, w gminach: Żywiec, Gilowice, Jeleśnia, Koszarawa, Lipowa, Łodygowice, Radziechowy - Wieprz, Świnna. <br /><br />3. Aglomerację tworzą następujące miejscowości: <br />- w gminie Żywiec: miasto Żywiec, <br />- w gminie Gilowice: Gilowice, Rychwałd, <br />- w gminie Jeleśnia: Mutne, Przyborów, Pewel Wielka, Krzyżowa, Sopotnia Wielka, Krzyżówki, Korbielów, Jeleśnia, Sopotnia Mała, <br />- w gminie Koszarawa: Koszarawa, <br />- w gminie Lipowa: Lipowa, Leśna, Ostre, Sienna, Słotwina, Twardorzeczka, <br />- w gminie Łodygowice: Łodygowice, Pietrzykowice, Zarzecze, Bierna, <br />- w gminie Radziechowy-Wieprz: Radziechowy,Wieprz, Juszczyna, Bystra, Brzuśnik, Przybędza, <br />- w gminie Świnna: Pewel Mała, Pewel Ślemieńska, Świnna, Przyłęków, Rychwałdek, Trzebinia. <br /><br /><br />
<div style="text-align: center;"><span style="font-weight: bold;">§ 2 </span></div>
<br /> <br />Obszar i granice aglomeracji, o której mowa w § 1, są oznaczone na mapach w skali 1: 25 000, stanowiących załączniki Nr 1, 2, 3, 4, 5, 6, 7, 8 i 9 do niniejszej uchwały. <br /><br /><br />
<div style="text-align: center;"><span style="font-weight: bold;">§ 3 </span></div>
<br /> <br />Traci moc Rozporządzenie Wojewody Śląskiego Nr 19/08 z dnia 12 marca 2008 roku, zmienione Rozporządzeniem Wojewody Śląskiego Nr 35/08 z dnia 25 czerwca 2008 roku. <br /><br /><br />
<div style="text-align: center;"><span style="font-weight: bold;">§ 4 </span></div>
<br /> <br />Wykonanie uchwały powierza się Zarządowi Województwa Śląskiego. <br /><br /><br />
<div style="text-align: center;"><span style="font-weight: bold;">§ 5 </span></div>
<br /> <br />Uchwała wchodzi w życie po upływie 14 dni od dnia ogłoszenia w Dzienniku Urzędowym Województwa Śląskiego.<br /><br /><br /><br /><span class="tekst"><span style="font-weight: bold;">Załączniki nr 1, 2, 3, 4, 5, 6, 7, 8, 9 do uchwały Nr III/45/17/2009<br /></span>dostępne są do wglądu w Kancelarii Sejmiku Województwa Śląskiego. </span></div>
</div>
</div>

Załączniki

Załączniki do strony

Tytuł strony
