{"id":24420,"name":"uchwala-sejmiku-nr-iii46162010-z-dnia-2010-01-20","title":"Uchwa\u0142a Sejmiku nr III\/46\/16\/2010 z dnia 2010-01-20","desc":"","header":"Uchwa\u0142a Sejmiku nr III\/46\/16\/2010 z dnia 2010-01-20","lead":"","keywords":"","changes":"migracja danych","menu":"","path":"\/sejmik_wojewodztwa\/sesje_sejmiku\/uchwaly\/uchwala-sejmiku-nr-iii46162010-z-dnia-2010-01-20.html","url":"\/sejmik_wojewodztwa\/sesje_sejmiku\/uchwaly\/uchwala-sejmiku-nr-iii46162010-z-dnia-2010-01-20.html","infoOwner":"Urz\u0105d Marsza\u0142kowski Wojew\u00f3dztwa \u015al\u0105skiego","dateFirstPublicate":"2021-12-28 14:41:44","dateLastVersionPublicate":"2021-12-28 14:41:44","dateAvailableFrom":"","dateAvailableTo":"","type":"Uchwa\u0142a Sejmiku","pageParams":[{"id":"225","name":"DATA_OGLOSZENIA","description":"Data og\u0142oszenia","value":"2010-01-20"},{"id":"235","name":"W sprawie","description":"W sprawie","value":"przekszta\u0142cenia Szpitala Specjalistycznego Nr 2 w Bytomiu poprzez likwidacj\u0119 Oddzia\u0142u chirurgii urazowo - ortopedycznej"},{"id":"299","name":"NUMER_UCHWALY_SEJMIKU","description":"Numer uchwa\u0142y","value":"III\/46\/16\/2010"}],"components":[{"id":"bf6d5eba-d119-11e7-80a9-005056b46601","type":"ContentWYSIWYG","name":"Tre\u015b\u0107","description":"Tre\u015b\u0107 strony","content":{"content":"\u003Cdiv id=\u0022content\u0022\u003E\n\u003Cdiv id=\u0022aktualnosci\u0022 class=\u0022kontener\u0022\u003E\n\u003Cdiv class=\u0022tresc1\u0022\u003E\n\u003Cdiv class=\u0022lead1\u0022\u003ENa podstawie\u003Cbr \/\u003Eart. 18 pkt 20\u003Cbr \/\u003E ustawy z dnia 5 czerwca 1998 roku o samorz\u0105dzie wojew\u00f3dztwa\u003Cbr \/\u003E (t. j. Dz. U. Nr 142 z 2001 roku, poz. 1590 z p\u00f3\u017an. zm.)\u003Cbr \/\u003E oraz art. 36 w zwi\u0105zku z art. 43 ust. 1, 2, 3 i art. 53 a ust. 1\u003Cbr \/\u003E ustawy z dnia 30 sierpnia 1991 roku o zak\u0142adach opieki zdrowotnej\u003Cbr \/\u003E (t. j. Dz. U. Nr 14 z 2007 roku, poz. 89 z p\u00f3\u017an. zm.)\u003C\/div\u003E\n\u003Cdiv class=\u0022tresc\u0022\u003E\n\u003Cdiv style=\u0022text-align: justify;\u0022\u003E\u003Cbr \/\u003E\n\u003Cdiv style=\u0022text-align: center;\u0022\u003E\u003Cspan style=\u0022font-weight: bold;\u0022\u003E\u00a7 1 \u003C\/span\u003E\u003C\/div\u003E\n\u003Cbr \/\u003E \u003Cbr \/\u003EPrzekszta\u0142ca si\u0119 Szpital Specjalistyczny Nr 2 w Bytomiu poprzez likwidacj\u0119 Oddzia\u0142u chirurgii urazowo - ortopedycznej. \u003Cbr \/\u003E\u003Cbr \/\u003E\u003Cbr \/\u003E\n\u003Cdiv style=\u0022text-align: center;\u0022\u003E\u003Cspan style=\u0022font-weight: bold;\u0022\u003E\u00a7 2 \u003C\/span\u003E\u003C\/div\u003E\n\u003Cbr \/\u003E \u003Cbr \/\u003EZapewnia si\u0119 osobom korzystaj\u0105cym z dotychczasowych \u015bwiadcze\u0144 zdrowotnych udzielanych w likwidowanej kom\u00f3rce, dalsze nieprzerwane uzyskiwanie tych \u015bwiadcze\u0144, bez istotnego ograniczenia ich dost\u0119pno\u015bci, warunk\u00f3w udzielania i jako\u015bci, w: \u003Cbr \/\u003E\u003Cbr \/\u003E\u003Cbr \/\u003E\n\u003Cdiv style=\u0022margin-left: 40px;\u0022\u003E- Wojew\u00f3dzkim Szpitalu Specjalistycznym nr 4, 41 \u2013 902 Bytom, Aleja Legion\u00f3w 10, \u003Cbr \/\u003E- Wojew\u00f3dzkim Szpitalu Chirurgii Urazowej im. dr. Janusza Daaba w Piekarach \u015al\u0105skich, 41-940 Piekary \u015al\u0105skie, ulica Bytomska 62, \u003Cbr \/\u003E- Wojew\u00f3dzkim Szpitalu Specjalistycznym nr 5 im. \u015bw. Barbary w Sosnowcu, Plac Medyk\u00f3w 1, 41 - 200 Sosnowiec.\u003C\/div\u003E\n\u003Cbr \/\u003E \u003Cbr \/\u003E\u003Cbr \/\u003E\n\u003Cdiv style=\u0022text-align: center;\u0022\u003E\u003Cspan style=\u0022font-weight: bold;\u0022\u003E\u00a7 3 \u003C\/span\u003E\u003C\/div\u003E\n\u003Cbr \/\u003E \u003Cbr \/\u003EWyra\u017ca si\u0119 zgod\u0119 na zagospodarowanie sk\u0142adnik\u00f3w materialnych i niematerialnych likwidowanej kom\u00f3rki przez Szpital Specjalistyczny Nr 2 w Bytomiu. \u003Cbr \/\u003E\u003Cbr \/\u003E\u003Cbr \/\u003E\n\u003Cdiv style=\u0022text-align: center;\u0022\u003E\u003Cspan style=\u0022font-weight: bold;\u0022\u003E\u00a7 4 \u003C\/span\u003E\u003C\/div\u003E\n\u003Cbr \/\u003E \u003Cbr \/\u003EDzie\u0144 zako\u0144czenia dzia\u0142alno\u015bci Oddzia\u0142u chirurgii urazowo - ortopedycznej w Szpitalu Specjalistycznym Nr 2 w Bytomiu, ustala si\u0119 na pierwszy dzie\u0144 nast\u0119puj\u0105cy bezpo\u015brednio po up\u0142ywie trzech miesi\u0119cy od dnia podj\u0119cia niniejszej uchwa\u0142y. \u003Cbr \/\u003E\u003Cbr \/\u003E\u003Cbr \/\u003E\n\u003Cdiv style=\u0022text-align: center;\u0022\u003E\u003Cspan style=\u0022font-weight: bold;\u0022\u003E\u00a7 5 \u003C\/span\u003E\u003C\/div\u003E\n\u003Cbr \/\u003E \u003Cbr \/\u003EWykonanie uchwa\u0142y powierza si\u0119 Zarz\u0105dowi Wojew\u00f3dztwa \u015al\u0105skiego. \u003Cbr \/\u003E\u003Cbr \/\u003E\u003Cbr \/\u003E\n\u003Cdiv style=\u0022text-align: center;\u0022\u003E\u003Cspan style=\u0022font-weight: bold;\u0022\u003E\u00a7 6 \u003C\/span\u003E\u003C\/div\u003E\n\u003Cbr \/\u003E \u003Cbr \/\u003EUchwa\u0142a wchodzi w \u017cycie z dniem podj\u0119cia.\u003C\/div\u003E\n\u003C\/div\u003E\n\u003C\/div\u003E\n\u003C\/div\u003E\n\u003C\/div\u003E","promotion":false}},{"id":"bf6dbc25-d119-11e7-80a9-005056b46601","type":"Gallery","name":"Galeria","description":"Galeria"},{"id":"bf6e1f6b-d119-11e7-80a9-005056b46601","type":"Attachment","name":"Za\u0142\u0105czniki","description":"Za\u0142\u0105czniki do strony"},{"id":"eba03b25-d9a7-11e7-b355-005056b70dba","type":"PageTitle","name":"","description":"Tytu\u0142 strony","content":{"title":"Uchwa\u0142a Sejmiku nr III\/46\/16\/2010 z dnia 2010-01-20"}},{"id":"eba07701-d9a7-11e7-b355-005056b70dba","type":"PageDescription","name":"","description":"Zajawka strony","content":[]},{"id":"1b1a7940-ff78-11e7-b81e-005056b7801d","type":"SectionDescription","name":"","description":"Zajawka sekcji","content":[]}]}

Uchwała Sejmiku nr III/46/16/2010 z dnia 2010-01-20

Urząd Marszałkowski Województwa Śląskiego

Uchwała Sejmiku

Data ogłoszenia

przekształcenia Szpitala Specjalistycznego Nr 2 w Bytomiu poprzez likwidację Oddziału chirurgii urazowo - ortopedycznej

Numer uchwały

Treść

Treść strony

<div id="content">
<div id="aktualnosci" class="kontener">
<div class="tresc1">
<div class="lead1">Na podstawie<br />art. 18 pkt 20<br /> ustawy z dnia 5 czerwca 1998 roku o samorządzie województwa<br /> (t. j. Dz. U. Nr 142 z 2001 roku, poz. 1590 z późn. zm.)<br /> oraz art. 36 w związku z art. 43 ust. 1, 2, 3 i art. 53 a ust. 1<br /> ustawy z dnia 30 sierpnia 1991 roku o zakładach opieki zdrowotnej<br /> (t. j. Dz. U. Nr 14 z 2007 roku, poz. 89 z późn. zm.)</div>
<div class="tresc">
<div style="text-align: justify;"><br />
<div style="text-align: center;"><span style="font-weight: bold;">§ 1 </span></div>
<br /> <br />Przekształca się Szpital Specjalistyczny Nr 2 w Bytomiu poprzez likwidację Oddziału chirurgii urazowo - ortopedycznej. <br /><br /><br />
<div style="text-align: center;"><span style="font-weight: bold;">§ 2 </span></div>
<br /> <br />Zapewnia się osobom korzystającym z dotychczasowych świadczeń zdrowotnych udzielanych w likwidowanej komórce, dalsze nieprzerwane uzyskiwanie tych świadczeń, bez istotnego ograniczenia ich dostępności, warunków udzielania i jakości, w: <br /><br /><br />
<div style="margin-left: 40px;">- Wojewódzkim Szpitalu Specjalistycznym nr 4, 41 – 902 Bytom, Aleja Legionów 10, <br />- Wojewódzkim Szpitalu Chirurgii Urazowej im. dr. Janusza Daaba w Piekarach Śląskich, 41-940 Piekary Śląskie, ulica Bytomska 62, <br />- Wojewódzkim Szpitalu Specjalistycznym nr 5 im. św. Barbary w Sosnowcu, Plac Medyków 1, 41 - 200 Sosnowiec.</div>
<br /> <br /><br />
<div style="text-align: center;"><span style="font-weight: bold;">§ 3 </span></div>
<br /> <br />Wyraża się zgodę na zagospodarowanie składników materialnych i niematerialnych likwidowanej komórki przez Szpital Specjalistyczny Nr 2 w Bytomiu. <br /><br /><br />
<div style="text-align: center;"><span style="font-weight: bold;">§ 4 </span></div>
<br /> <br />Dzień zakończenia działalności Oddziału chirurgii urazowo - ortopedycznej w Szpitalu Specjalistycznym Nr 2 w Bytomiu, ustala się na pierwszy dzień następujący bezpośrednio po upływie trzech miesięcy od dnia podjęcia niniejszej uchwały. <br /><br /><br />
<div style="text-align: center;"><span style="font-weight: bold;">§ 5 </span></div>
<br /> <br />Wykonanie uchwały powierza się Zarządowi Województwa Śląskiego. <br /><br /><br />
<div style="text-align: center;"><span style="font-weight: bold;">§ 6 </span></div>
<br /> <br />Uchwała wchodzi w życie z dniem podjęcia.</div>
</div>
</div>
</div>
</div>

Załączniki

Załączniki do strony

Tytuł strony
