{"id":24404,"name":"uchwala-sejmiku-nr-iii47142010-z-dnia-2010-02-17","title":"Uchwa\u0142a Sejmiku nr III\/47\/14\/2010 z dnia 2010-02-17","desc":"","header":"Uchwa\u0142a Sejmiku nr III\/47\/14\/2010 z dnia 2010-02-17","lead":"","keywords":"","changes":"migracja danych","menu":"","path":"\/sejmik_wojewodztwa\/sesje_sejmiku\/uchwaly\/uchwala-sejmiku-nr-iii47142010-z-dnia-2010-02-17.html","url":"\/sejmik_wojewodztwa\/sesje_sejmiku\/uchwaly\/uchwala-sejmiku-nr-iii47142010-z-dnia-2010-02-17.html","infoOwner":"Urz\u0105d Marsza\u0142kowski Wojew\u00f3dztwa \u015al\u0105skiego","dateFirstPublicate":"2021-12-28 14:02:37","dateLastVersionPublicate":"2021-12-28 14:02:37","dateAvailableFrom":"","dateAvailableTo":"","type":"Uchwa\u0142a Sejmiku","pageParams":[{"id":"225","name":"DATA_OGLOSZENIA","description":"Data og\u0142oszenia","value":"2010-02-17"},{"id":"235","name":"W sprawie","description":"W sprawie","value":"odwo\u0142ania dora\u017anej Komisji ds. monitorowania przygotowa\u0144 Wojew\u00f3dztwa \u015al\u0105skiego do Mistrzostw Europy w Pi\u0142ce No\u017cnej EURO 2012"},{"id":"299","name":"NUMER_UCHWALY_SEJMIKU","description":"Numer uchwa\u0142y","value":"III\/47\/14\/2010"}],"components":[{"id":"bf6d5eba-d119-11e7-80a9-005056b46601","type":"ContentWYSIWYG","name":"Tre\u015b\u0107","description":"Tre\u015b\u0107 strony","content":{"content":"\u003Cdiv id=\u0022content\u0022\u003E\n\u003Cdiv id=\u0022aktualnosci\u0022 class=\u0022kontener\u0022\u003E\n\u003Cdiv class=\u0022tresc1\u0022\u003E\n\u003Cdiv class=\u0022lead1\u0022\u003ENa podstawie\u003Cbr \/\u003Eart. 18 pkt 20 i art. 28\u003Cbr \/\u003E ustawy z dnia 5 czerwca 1998 roku o samorz\u0105dzie wojew\u00f3dztwa\u003Cbr \/\u003E (tekst jednolity Dz. U. Nr 142 z 2001 roku, poz. 1590 z p\u00f3\u017an. zm.)\u003Cbr \/\u003E oraz \u00a7 44, 44 d ust. 2\u003Cbr \/\u003E Statutu Wojew\u00f3dztwa \u015al\u0105skiego\u003Cbr \/\u003E (Dz. Urz. Woj. \u015al. Nr 26 z 2001 roku, poz. 657 z p\u00f3\u017an. zm.)\u003C\/div\u003E\n\u003Cdiv class=\u0022tresc\u0022\u003E\n\u003Cdiv style=\u0022text-align: justify;\u0022\u003E\u003Cbr \/\u003E\n\u003Cdiv style=\u0022text-align: center;\u0022\u003E\u003Cspan style=\u0022font-weight: bold;\u0022\u003ESejmik Wojew\u00f3dztwa \u015al\u0105skiego \u003C\/span\u003E\u003Cbr style=\u0022font-weight: bold;\u0022 \/\u003E\u003Cspan style=\u0022font-weight: bold;\u0022\u003Euchwala: \u003C\/span\u003E\u003Cbr style=\u0022font-weight: bold;\u0022 \/\u003E\u003Cbr style=\u0022font-weight: bold;\u0022 \/\u003E\u003Cspan style=\u0022font-weight: bold;\u0022\u003E\u00a7 1 \u003C\/span\u003E\u003C\/div\u003E\n\u003Cbr \/\u003E \u003Cbr \/\u003EOdwo\u0142uje si\u0119 dora\u017an\u0105 Komisj\u0119 ds. monitorowania przygotowa\u0144 Wojew\u00f3dztwa \u015al\u0105skiego do Mistrzostw Europy w Pi\u0142ce No\u017cnej EURO 2012, powo\u0142an\u0105 uchwa\u0142\u0105 Nr III\/9\/3\/2007 Sejmiku Wojew\u00f3dztwa \u015al\u0105skiego z dnia 22 czerwca 2007 roku. \u003Cbr \/\u003E\u003Cbr \/\u003E\u003Cbr \/\u003E\n\u003Cdiv style=\u0022text-align: center;\u0022\u003E\u003Cspan style=\u0022font-weight: bold;\u0022\u003E\u00a7 2 \u003C\/span\u003E\u003C\/div\u003E\n\u003Cbr \/\u003E \u003Cbr \/\u003EUchwa\u0142a wchodzi w \u017cycie z dniem podj\u0119cia\u003Cbr \/\u003E\u003Cbr \/\u003E\u003Cbr \/\u003E\u003Cbr \/\u003E\u003Cspan class=\u0022tekst\u0022\u003E\u003Cspan style=\u0022font-weight: bold;\u0022\u003EZa\u0142\u0105czniki do uchwa\u0142y:\u003C\/span\u003E\u003Cbr \/\u003E\u003Cbr \/\u003EUdost\u0119pnienie za\u0142\u0105cznika do uchwa\u0142y Nr III\/47\/14\/2010 podlega ograniczeniu ze wzgl\u0119du na ochron\u0119 d\u00f3br osobistych skar\u017c\u0105cego.\u003C\/span\u003E\u003C\/div\u003E\n\u003C\/div\u003E\n\u003C\/div\u003E\n\u003C\/div\u003E\n\u003C\/div\u003E","promotion":false}},{"id":"bf6dbc25-d119-11e7-80a9-005056b46601","type":"Gallery","name":"Galeria","description":"Galeria"},{"id":"bf6e1f6b-d119-11e7-80a9-005056b46601","type":"Attachment","name":"Za\u0142\u0105czniki","description":"Za\u0142\u0105czniki do strony"},{"id":"eba03b25-d9a7-11e7-b355-005056b70dba","type":"PageTitle","name":"","description":"Tytu\u0142 strony","content":{"title":"Uchwa\u0142a Sejmiku nr III\/47\/14\/2010 z dnia 2010-02-17"}},{"id":"eba07701-d9a7-11e7-b355-005056b70dba","type":"PageDescription","name":"","description":"Zajawka strony","content":[]},{"id":"1b1a7940-ff78-11e7-b81e-005056b7801d","type":"SectionDescription","name":"","description":"Zajawka sekcji","content":[]}]}

Uchwała Sejmiku nr III/47/14/2010 z dnia 2010-02-17

Urząd Marszałkowski Województwa Śląskiego

Uchwała Sejmiku

Data ogłoszenia

odwołania doraźnej Komisji ds. monitorowania przygotowań Województwa Śląskiego do Mistrzostw Europy w Piłce Nożnej EURO 2012

Numer uchwały

Treść

Treść strony

<div id="content">
<div id="aktualnosci" class="kontener">
<div class="tresc1">
<div class="lead1">Na podstawie<br />art. 18 pkt 20 i art. 28<br /> ustawy z dnia 5 czerwca 1998 roku o samorządzie województwa<br /> (tekst jednolity Dz. U. Nr 142 z 2001 roku, poz. 1590 z późn. zm.)<br /> oraz § 44, 44 d ust. 2<br /> Statutu Województwa Śląskiego<br /> (Dz. Urz. Woj. Śl. Nr 26 z 2001 roku, poz. 657 z późn. zm.)</div>
<div class="tresc">
<div style="text-align: justify;"><br />
<div style="text-align: center;"><span style="font-weight: bold;">Sejmik Województwa Śląskiego </span><br style="font-weight: bold;" /><span style="font-weight: bold;">uchwala: </span><br style="font-weight: bold;" /><br style="font-weight: bold;" /><span style="font-weight: bold;">§ 1 </span></div>
<br /> <br />Odwołuje się doraźną Komisję ds. monitorowania przygotowań Województwa Śląskiego do Mistrzostw Europy w Piłce Nożnej EURO 2012, powołaną uchwałą Nr III/9/3/2007 Sejmiku Województwa Śląskiego z dnia 22 czerwca 2007 roku. <br /><br /><br />
<div style="text-align: center;"><span style="font-weight: bold;">§ 2 </span></div>
<br /> <br />Uchwała wchodzi w życie z dniem podjęcia<br /><br /><br /><br /><span class="tekst"><span style="font-weight: bold;">Załączniki do uchwały:</span><br /><br />Udostępnienie załącznika do uchwały Nr III/47/14/2010 podlega ograniczeniu ze względu na ochronę dóbr osobistych skarżącego.</span></div>
</div>
</div>
</div>
</div>

Załączniki

Załączniki do strony

Tytuł strony
