{"id":24259,"name":"uchwala-sejmiku-nr-iii52132010-z-dnia-2010-06-16","title":"Uchwa\u0142a Sejmiku nr III\/52\/13\/2010 z dnia 2010-06-16","desc":"","header":"Uchwa\u0142a Sejmiku nr III\/52\/13\/2010 z dnia 2010-06-16","lead":"","keywords":"","changes":"migracja danych","menu":"","path":"\/sejmik_wojewodztwa\/sesje_sejmiku\/uchwaly\/uchwala-sejmiku-nr-iii52132010-z-dnia-2010-06-16.html","url":"\/sejmik_wojewodztwa\/sesje_sejmiku\/uchwaly\/uchwala-sejmiku-nr-iii52132010-z-dnia-2010-06-16.html","infoOwner":"Urz\u0105d Marsza\u0142kowski Wojew\u00f3dztwa \u015al\u0105skiego","dateFirstPublicate":"2021-12-27 14:43:08","dateLastVersionPublicate":"2021-12-27 14:43:08","dateAvailableFrom":"","dateAvailableTo":"","type":"Uchwa\u0142a Sejmiku","pageParams":[{"id":"225","name":"DATA_OGLOSZENIA","description":"Data og\u0142oszenia","value":"2010-06-16"},{"id":"235","name":"W sprawie","description":"W sprawie","value":"podpisania Porozumienia o wsp\u00f3\u0142pracy pomi\u0119dzy Wojew\u00f3dztwem \u015al\u0105skim (Rzeczpospolita Polska) a Departamentem Dolnego Renu (Republika Francuska)"},{"id":"299","name":"NUMER_UCHWALY_SEJMIKU","description":"Numer uchwa\u0142y","value":"III\/52\/13\/2010"}],"components":[{"id":"bf6d5eba-d119-11e7-80a9-005056b46601","type":"ContentWYSIWYG","name":"Tre\u015b\u0107","description":"Tre\u015b\u0107 strony","content":{"content":"\u003Cdiv class=\u0022lead1\u0022\u003ENa podstawie\u003Cbr \/\u003Eart. 18 pkt 14, art. 57 ust. 2 oraz art. 77\u003Cbr \/\u003E ustawy z dnia 5 czerwca 1998 roku o samorz\u0105dzie wojew\u00f3dztwa\u003Cbr \/\u003E (tekst jednolity Dz. U. Nr 142 z 2001 roku, poz. 1590 z p\u00f3\u017an. zm.),\u003Cbr \/\u003E po uzyskaniu zgody Ministra Spraw Zagranicznych\u003C\/div\u003E\n\u003Cdiv class=\u0022tresc\u0022\u003E\n\u003Cdiv style=\u0022text-align: justify;\u0022\u003E\u003Cbr \/\u003E\n\u003Cdiv style=\u0022text-align: center;\u0022\u003E\u003Cspan style=\u0022font-weight: bold;\u0022\u003ESejmik Wojew\u00f3dztwa \u015al\u0105skiego \u003C\/span\u003E\u003Cbr style=\u0022font-weight: bold;\u0022 \/\u003E\u003Cspan style=\u0022font-weight: bold;\u0022\u003Euchwala: \u003C\/span\u003E\u003Cbr style=\u0022font-weight: bold;\u0022 \/\u003E\u003Cbr style=\u0022font-weight: bold;\u0022 \/\u003E\u003Cspan style=\u0022font-weight: bold;\u0022\u003E\u00a7 1 \u003C\/span\u003E\u003C\/div\u003E\n\u003Cbr \/\u003E \u003Cbr \/\u003EZawiera si\u0119 Porozumienie o wsp\u00f3\u0142pracy pomi\u0119dzy Wojew\u00f3dztwem \u015al\u0105skim (Rzeczpospolita Polska)\u00a0 a Departamentem Dolnego Renu (Republika Francuska), stanowi\u0105ce za\u0142\u0105cznik do uchwa\u0142y. \u003Cbr \/\u003E\u003Cbr \/\u003E\u003Cbr \/\u003E\n\u003Cdiv style=\u0022text-align: center;\u0022\u003E\u003Cspan style=\u0022font-weight: bold;\u0022\u003E\u00a7 2 \u003C\/span\u003E\u003C\/div\u003E\n\u003Cbr \/\u003E \u003Cbr \/\u003EUpowa\u017cnia si\u0119 Marsza\u0142ka Wojew\u00f3dztwa \u015al\u0105skiego do podpisania Porozumienia, o\u00a0kt\u00f3rym mowa w \u00a7 1. \u003Cbr \/\u003E\u003Cbr \/\u003E\u003Cbr \/\u003E\n\u003Cdiv style=\u0022text-align: center;\u0022\u003E\u003Cspan style=\u0022font-weight: bold;\u0022\u003E\u00a7 3 \u003C\/span\u003E\u003C\/div\u003E\n\u003Cbr \/\u003E \u003Cbr \/\u003EPrzesy\u0142a si\u0119 niniejsz\u0105 uchwa\u0142\u0119 wraz z zawartym Porozumieniem do ministra w\u0142a\u015bciwego do spraw zagranicznych i ministra w\u0142a\u015bciwego do spraw administracji publicznej. \u003Cbr \/\u003E\u003Cbr \/\u003E\u003Cbr \/\u003E\n\u003Cdiv style=\u0022text-align: center; font-weight: bold;\u0022\u003E\u00a7 4\u003C\/div\u003E\n\u003Cbr \/\u003E \u003Cbr \/\u003EUchwa\u0142a wchodzi w \u017cycie z dniem podj\u0119cia.\u003C\/div\u003E\n\u003C\/div\u003E","promotion":false}},{"id":"bf6dbc25-d119-11e7-80a9-005056b46601","type":"Gallery","name":"Galeria","description":"Galeria"},{"id":"bf6e1f6b-d119-11e7-80a9-005056b46601","type":"Attachment","name":"Za\u0142\u0105czniki","description":"Za\u0142\u0105czniki do strony","content":[{"src":"\/resource\/44036\/1277208665.pdf","extension":"PDF","name":"7316c27ef7845e249fbe3c566e379cb9.pdf","size":"133.93 KB"}]},{"id":"eba03b25-d9a7-11e7-b355-005056b70dba","type":"PageTitle","name":"","description":"Tytu\u0142 strony","content":{"title":"Uchwa\u0142a Sejmiku nr III\/52\/13\/2010 z dnia 2010-06-16"}},{"id":"eba07701-d9a7-11e7-b355-005056b70dba","type":"PageDescription","name":"","description":"Zajawka strony","content":[]},{"id":"1b1a7940-ff78-11e7-b81e-005056b7801d","type":"SectionDescription","name":"","description":"Zajawka sekcji","content":[]}]}

Uchwała Sejmiku nr III/52/13/2010 z dnia 2010-06-16

Urząd Marszałkowski Województwa Śląskiego

Uchwała Sejmiku

Data ogłoszenia

podpisania Porozumienia o współpracy pomiędzy Województwem Śląskim (Rzeczpospolita Polska) a Departamentem Dolnego Renu (Republika Francuska)

Numer uchwały

Treść

Treść strony

<div class="lead1">Na podstawie<br />art. 18 pkt 14, art. 57 ust. 2 oraz art. 77<br /> ustawy z dnia 5 czerwca 1998 roku o samorządzie województwa<br /> (tekst jednolity Dz. U. Nr 142 z 2001 roku, poz. 1590 z późn. zm.),<br /> po uzyskaniu zgody Ministra Spraw Zagranicznych</div>
<div class="tresc">
<div style="text-align: justify;"><br />
<div style="text-align: center;"><span style="font-weight: bold;">Sejmik Województwa Śląskiego </span><br style="font-weight: bold;" /><span style="font-weight: bold;">uchwala: </span><br style="font-weight: bold;" /><br style="font-weight: bold;" /><span style="font-weight: bold;">§ 1 </span></div>
<br /> <br />Zawiera się Porozumienie o współpracy pomiędzy Województwem Śląskim (Rzeczpospolita Polska)  a Departamentem Dolnego Renu (Republika Francuska), stanowiące załącznik do uchwały. <br /><br /><br />
<div style="text-align: center;"><span style="font-weight: bold;">§ 2 </span></div>
<br /> <br />Upoważnia się Marszałka Województwa Śląskiego do podpisania Porozumienia, o którym mowa w § 1. <br /><br /><br />
<div style="text-align: center;"><span style="font-weight: bold;">§ 3 </span></div>
<br /> <br />Przesyła się niniejszą uchwałę wraz z zawartym Porozumieniem do ministra właściwego do spraw zagranicznych i ministra właściwego do spraw administracji publicznej. <br /><br /><br />
<div style="text-align: center; font-weight: bold;">§ 4</div>
<br /> <br />Uchwała wchodzi w życie z dniem podjęcia.</div>
</div>

Załączniki

Załączniki do strony

Tytuł strony
