{"id":24108,"name":"uchwala-sejmiku-nr-iii56122010-z-dnia-2010-09-22","title":"Uchwa\u0142a Sejmiku nr III\/56\/12\/2010 z dnia 2010-09-22","desc":"","header":"Uchwa\u0142a Sejmiku nr III\/56\/12\/2010 z dnia 2010-09-22","lead":"","keywords":"","changes":"migracja danych","menu":"","path":"\/sejmik_wojewodztwa\/sesje_sejmiku\/uchwaly\/uchwala-sejmiku-nr-iii56122010-z-dnia-2010-09-22.html","url":"\/sejmik_wojewodztwa\/sesje_sejmiku\/uchwaly\/uchwala-sejmiku-nr-iii56122010-z-dnia-2010-09-22.html","infoOwner":"Urz\u0105d Marsza\u0142kowski Wojew\u00f3dztwa \u015al\u0105skiego","dateFirstPublicate":"2021-12-23 08:29:30","dateLastVersionPublicate":"2021-12-23 08:29:30","dateAvailableFrom":"","dateAvailableTo":"","type":"Uchwa\u0142a Sejmiku","pageParams":[{"id":"225","name":"DATA_OGLOSZENIA","description":"Data og\u0142oszenia","value":"2010-09-22"},{"id":"235","name":"W sprawie","description":"W sprawie","value":"wyra\u017cenia zgody na ustanowienie hipoteki na nieruchomo\u015bci stanowi\u0105cej w\u0142asno\u015b\u0107 Wojew\u00f3dztwa \u015al\u0105skiego, w u\u017cytkowaniu Wojew\u00f3dzkiego Szpitala Specjalistycznego Nr 1 im. prof. J\u00f3zefa Gasi\u0144skiego w Tychach"},{"id":"299","name":"NUMER_UCHWALY_SEJMIKU","description":"Numer uchwa\u0142y","value":"III\/56\/12\/2010"}],"components":[{"id":"bf6d5eba-d119-11e7-80a9-005056b46601","type":"ContentWYSIWYG","name":"Tre\u015b\u0107","description":"Tre\u015b\u0107 strony","content":{"content":"\u003Cdiv id=\u0022content\u0022\u003E\n\u003Cdiv id=\u0022aktualnosci\u0022 class=\u0022kontener\u0022\u003E\n\u003Cdiv class=\u0022tresc1\u0022\u003E\n\u003Cdiv class=\u0022lead1\u0022\u003ENa podstawie\u003Cbr \/\u003Eart. 18 pkt 19 lit. a\u003Cbr \/\u003E ustawy z dnia 5 czerwca 1998 roku o samorz\u0105dzie wojew\u00f3dztwa\u003Cbr \/\u003E (tekst jednolity Dz. U. Nr 142 z 2001 roku, poz. 1590 z p\u00f3\u017an. zm.)\u003C\/div\u003E\n\u003Cdiv class=\u0022tresc\u0022\u003E\n\u003Cdiv style=\u0022text-align: justify;\u0022\u003E\u003Cbr \/\u003E\n\u003Cdiv style=\u0022text-align: center;\u0022\u003E\u003Cspan style=\u0022font-weight: bold;\u0022\u003ESejmik Wojew\u00f3dztwa \u015al\u0105skiego \u003C\/span\u003E\u003Cbr style=\u0022font-weight: bold;\u0022 \/\u003E\u003Cspan style=\u0022font-weight: bold;\u0022\u003Euchwala: \u003C\/span\u003E\u003Cbr style=\u0022font-weight: bold;\u0022 \/\u003E\u003Cbr style=\u0022font-weight: bold;\u0022 \/\u003E\u003Cspan style=\u0022font-weight: bold;\u0022\u003E\u00a7 1 \u003C\/span\u003E\u003C\/div\u003E\n\u003Cbr \/\u003E \u003Cbr \/\u003E1.\u00a0Wyra\u017ca si\u0119 zgod\u0119 na obci\u0105\u017cenie nieruchomo\u015bci po\u0142o\u017conych w Tychach-Paprocanach przy ulicy Edukacji 102, stanowi\u0105cych w\u0142asno\u015b\u0107 Wojew\u00f3dztwa \u015al\u0105skiego, pozostaj\u0105cych w u\u017cytkowaniu nieodp\u0142atnym Wojew\u00f3dzkiego Szpitala Specjalistycznego Nr 1 im. prof. J\u00f3zefa Gasi\u0144skiego w Tychach, obj\u0119tych ksi\u0119g\u0105 wieczyst\u0105 nr KW KA1T\/00009398\/9, opisanych w ewidencji grunt\u00f3w jako dzia\u0142ki nr 1131\/32 i nr 583\/42, o \u0142\u0105cznej powierzchni 6,9585 ha, hipotek\u0105: \u2011\u00a0zwyk\u0142\u0105 w wysoko\u015bci 2\u00a0319\u00a0207,00 z\u0142, \u2011\u00a0kaucyjn\u0105 w wysoko\u015bci 480\u00a0000,00 z\u0142. \u003Cbr \/\u003E\u003Cbr \/\u003E2.\u00a0Hipoteki, o kt\u00f3rych mowa w ust. 1, b\u0119d\u0105 zabezpiecza\u0107 przyznan\u0105 przez Wojew\u00f3dzki Fundusz Ochrony \u015arodowiska i Gospodarki Wodnej w Katowicach na rzecz Wojew\u00f3dzkiego Szpitala Specjalistycznego Nr 1 im. prof. J\u00f3zefa Gasi\u0144skiego w\u00a0Tychach dotacj\u0119 oraz po\u017cyczk\u0119 (wraz z odsetkami), w celu sfinansowania zadania inwestycyjnego pod nazw\u0105: Kompleksowa termomodernizacja szpitala wraz z demonta\u017cem i utylizacj\u0105 odpadk\u00f3w azbestowych \u2013 I\u00a0etap \u2013 budynki Pawilonu i Polikliniki. \u003Cbr \/\u003E\u003Cbr \/\u003E\u003Cbr \/\u003E\n\u003Cdiv style=\u0022text-align: center;\u0022\u003E\u003Cspan style=\u0022font-weight: bold;\u0022\u003E\u00a7 2 \u003C\/span\u003E\u003C\/div\u003E\n\u003Cbr \/\u003E \u003Cbr \/\u003EWykonanie uchwa\u0142y powierza si\u0119 Zarz\u0105dowi Wojew\u00f3dztwa \u015al\u0105skiego. \u003Cbr \/\u003E\u003Cbr \/\u003E\u003Cbr \/\u003E\n\u003Cdiv style=\u0022text-align: center;\u0022\u003E\u003Cspan style=\u0022font-weight: bold;\u0022\u003E\u00a7 3 \u003C\/span\u003E\u003C\/div\u003E\n\u003Cbr \/\u003E \u003Cbr \/\u003EUchwa\u0142a wchodzi w \u017cycie z dniem podj\u0119cia.\u003C\/div\u003E\n\u003C\/div\u003E\n\u003C\/div\u003E\n\u003Cbr \/\u003E\u003Cbr \/\u003E\u003Cfieldset class=\u0022metryczka\u0022\u003E\u003Clegend\u003EMetryczka informacji\u003C\/legend\u003EWprowadzenie: 29-09-2010 14:13:31\u003Cbr \/\u003EOdpowiedzialny merytorycznie: S\u0142awomir Brodzi\u0144ski\u003C\/fieldset\u003E\u003C\/div\u003E\n\u003C\/div\u003E","promotion":false}},{"id":"bf6dbc25-d119-11e7-80a9-005056b46601","type":"Gallery","name":"Galeria","description":"Galeria"},{"id":"bf6e1f6b-d119-11e7-80a9-005056b46601","type":"Attachment","name":"Za\u0142\u0105czniki","description":"Za\u0142\u0105czniki do strony"},{"id":"eba03b25-d9a7-11e7-b355-005056b70dba","type":"PageTitle","name":"","description":"Tytu\u0142 strony","content":{"title":"Uchwa\u0142a Sejmiku nr III\/56\/12\/2010 z dnia 2010-09-22"}},{"id":"eba07701-d9a7-11e7-b355-005056b70dba","type":"PageDescription","name":"","description":"Zajawka strony","content":[]},{"id":"1b1a7940-ff78-11e7-b81e-005056b7801d","type":"SectionDescription","name":"","description":"Zajawka sekcji","content":[]}]}

Uchwała Sejmiku nr III/56/12/2010 z dnia 2010-09-22

Urząd Marszałkowski Województwa Śląskiego

Uchwała Sejmiku

Data ogłoszenia

wyrażenia zgody na ustanowienie hipoteki na nieruchomości stanowiącej własność Województwa Śląskiego, w użytkowaniu Wojewódzkiego Szpitala Specjalistycznego Nr 1 im. prof. Józefa Gasińskiego w Tychach

Numer uchwały

Treść

Treść strony

<div id="content">
<div id="aktualnosci" class="kontener">
<div class="tresc1">
<div class="lead1">Na podstawie<br />art. 18 pkt 19 lit. a<br /> ustawy z dnia 5 czerwca 1998 roku o samorządzie województwa<br /> (tekst jednolity Dz. U. Nr 142 z 2001 roku, poz. 1590 z późn. zm.)</div>
<div class="tresc">
<div style="text-align: justify;"><br />
<div style="text-align: center;"><span style="font-weight: bold;">Sejmik Województwa Śląskiego </span><br style="font-weight: bold;" /><span style="font-weight: bold;">uchwala: </span><br style="font-weight: bold;" /><br style="font-weight: bold;" /><span style="font-weight: bold;">§ 1 </span></div>
<br /> <br />1. Wyraża się zgodę na obciążenie nieruchomości położonych w Tychach-Paprocanach przy ulicy Edukacji 102, stanowiących własność Województwa Śląskiego, pozostających w użytkowaniu nieodpłatnym Wojewódzkiego Szpitala Specjalistycznego Nr 1 im. prof. Józefa Gasińskiego w Tychach, objętych księgą wieczystą nr KW KA1T/00009398/9, opisanych w ewidencji gruntów jako działki nr 1131/32 i nr 583/42, o łącznej powierzchni 6,9585 ha, hipoteką: ‑ zwykłą w wysokości 2 319 207,00 zł, ‑ kaucyjną w wysokości 480 000,00 zł. <br /><br />2. Hipoteki, o których mowa w ust. 1, będą zabezpieczać przyznaną przez Wojewódzki Fundusz Ochrony Środowiska i Gospodarki Wodnej w Katowicach na rzecz Wojewódzkiego Szpitala Specjalistycznego Nr 1 im. prof. Józefa Gasińskiego w Tychach dotację oraz pożyczkę (wraz z odsetkami), w celu sfinansowania zadania inwestycyjnego pod nazwą: Kompleksowa termomodernizacja szpitala wraz z demontażem i utylizacją odpadków azbestowych – I etap – budynki Pawilonu i Polikliniki. <br /><br /><br />
<div style="text-align: center;"><span style="font-weight: bold;">§ 2 </span></div>
<br /> <br />Wykonanie uchwały powierza się Zarządowi Województwa Śląskiego. <br /><br /><br />
<div style="text-align: center;"><span style="font-weight: bold;">§ 3 </span></div>
<br /> <br />Uchwała wchodzi w życie z dniem podjęcia.</div>
</div>
</div>
<br /><br /><fieldset class="metryczka"><legend>Metryczka informacji</legend>Wprowadzenie: 29-09-2010 14:13:31<br />Odpowiedzialny merytorycznie: Sławomir Brodziński</fieldset></div>
</div>

Załączniki

Załączniki do strony

Tytuł strony
