{"id":25302,"name":"uchwala-sejmiku-nr-iii852007-z-dnia-2007-05-16","title":"Uchwa\u0142a Sejmiku nr III\/8\/5\/2007 z dnia 2007-05-16","desc":"","header":"Uchwa\u0142a Sejmiku nr III\/8\/5\/2007 z dnia 2007-05-16","lead":"","keywords":"","changes":"migracja danych","menu":"","path":"\/sejmik_wojewodztwa\/sesje_sejmiku\/uchwaly\/uchwala-sejmiku-nr-iii852007-z-dnia-2007-05-16.html","url":"\/sejmik_wojewodztwa\/sesje_sejmiku\/uchwaly\/uchwala-sejmiku-nr-iii852007-z-dnia-2007-05-16.html","infoOwner":"Urz\u0105d Marsza\u0142kowski Wojew\u00f3dztwa \u015al\u0105skiego","dateFirstPublicate":"2022-01-18 12:14:23","dateLastVersionPublicate":"2022-01-18 12:14:23","dateAvailableFrom":"","dateAvailableTo":"","type":"Uchwa\u0142a Sejmiku","pageParams":[{"id":"225","name":"DATA_OGLOSZENIA","description":"Data og\u0142oszenia","value":"2007-05-16"},{"id":"235","name":"W sprawie","description":"W sprawie","value":"zasad i trybu umarzania, odraczania lub rozk\u0142adania na raty wierzytelno\u015bci Wojew\u00f3dztwa \u015al\u0105skiego lub wierzytelno\u015bci samorz\u0105dowych jednostek organizacyjnych Wojew\u00f3dztwa \u015al\u0105skiego z tytu\u0142u nale\u017cno\u015bci pieni\u0119\u017cnych, do kt\u00f3rych nie stosuje si\u0119 przepis\u00f3w ustawy - Ordynacja podatkowa"},{"id":"299","name":"NUMER_UCHWALY_SEJMIKU","description":"Numer uchwa\u0142y","value":"III\/8\/05\/2007"}],"components":[{"id":"bf6d5eba-d119-11e7-80a9-005056b46601","type":"ContentWYSIWYG","name":"Tre\u015b\u0107","description":"Tre\u015b\u0107 strony","content":{"content":"\u003Cdiv class=\u0022lead1\u0022\u003ENa podstawie\u003Cbr \/\u003Eart. 18 pkt 20\u003Cbr \/\u003E ustawy z dnia 5 czerwca 1998 roku o samorz\u0105dzie wojew\u00f3dztwa\u003Cbr \/\u003E (t. j. Dz. U. Nr 142 z 2001 roku, poz.1590 z p\u00f3\u017an. zm.)\u003Cbr \/\u003E oraz art. 43 ust. 1 i 2\u003Cbr \/\u003E ustawy z dnia 30 czerwca 2005 roku o finansach publicznych\u003Cbr \/\u003E (Dz. U. Nr 249 z 2005 roku, poz. 2104 z p\u00f3\u017an. zm.)\u003C\/div\u003E\n\u003Cdiv class=\u0022tresc\u0022\u003E\n\u003Cp align=\u0022center\u0022\u003E\u00a7 1\u003C\/p\u003E\n\u003Cbr \/\u003E\n\u003Cp\u003EUchwala si\u0119 \u201eZasady i tryb umarzania, odraczania lub rozk\u0142adania na raty wierzytelno\u015bci Wojew\u00f3dztwa \u015al\u0105skiego lub wierzytelno\u015bci samorz\u0105dowych jednostek organizacyjnych Wojew\u00f3dztwa \u015al\u0105skiego z tytu\u0142u nale\u017cno\u015bci pieni\u0119\u017cnych, do kt\u00f3rych nie stosuje si\u0119 przepis\u00f3w ustawy \u2013 Ordynacja podatkowa\u201d, stanowi\u0105ce Za\u0142\u0105cznik nr 1 do niniejszej uchwa\u0142y.\u003C\/p\u003E\n\u003Cbr \/\u003E\n\u003Cp align=\u0022center\u0022\u003E\u00a7 2\u003C\/p\u003E\n\u003Cbr \/\u003E\n\u003Cp\u003EWskazuje si\u0119 nast\u0119puj\u0105ce organy uprawnione do umarzania, rozk\u0142adania na raty, odraczania termin\u00f3w p\u0142atno\u015bci nale\u017cno\u015bci pieni\u0119\u017cnych:\u003C\/p\u003E\n\u003Cbr \/\u003E\n\u003Cp\u003E1) Zarz\u0105d Wojew\u00f3dztwa w zakresie wierzytelno\u015bci przys\u0142uguj\u0105cych Wojew\u00f3dztwu \u015al\u0105skiemu oraz wierzytelno\u015bci samorz\u0105dowych jednostek organizacyjnych Wojew\u00f3dztwa \u015al\u0105skiego powy\u017cej warto\u015bci 2 - krotnego przeci\u0119tnego wynagrodzenia, okre\u015blonego w \u00a7 1 pkt. 3 za\u0142\u0105cznika nr 1 do niniejszej uchwa\u0142y, dla roku poprzedzaj\u0105cego umorzenie, roz\u0142o\u017cenie na raty, odroczenie termin\u00f3w p\u0142atno\u015bci - w stosunku do danego d\u0142u\u017cnika rocznie.\u003C\/p\u003E\n\u003Cbr \/\u003E\n\u003Cp\u003E2) Dyrektorzy samorz\u0105dowych jednostek organizacyjnych Wojew\u00f3dztwa \u015al\u0105skiego oraz Marsza\u0142ek Wojew\u00f3dztwa - do wysoko\u015bci 2 - krotnego przeci\u0119tnego wynagrodzenia, okre\u015blonego w \u00a7 1 pkt. 3 za\u0142\u0105cznika nr 1 do niniejszej uchwa\u0142y, dla roku poprzedzaj\u0105cego umorzenie, roz\u0142o\u017cenie na raty, odroczenie termin\u00f3w p\u0142atno\u015bci w stosunku do danego d\u0142u\u017cnika rocznie.\u003C\/p\u003E\n\u003Cbr \/\u003E\n\u003Cp align=\u0022center\u0022\u003E\u00a7 3\u003C\/p\u003E\n\u003Cbr \/\u003E\n\u003Cp\u003EWykonanie uchwa\u0142y powierza si\u0119 Zarz\u0105dowi Wojew\u00f3dztwa \u015al\u0105skiego.\u003C\/p\u003E\n\u003Cbr \/\u003E\n\u003Cp align=\u0022center\u0022\u003E\u00a7 4\u003C\/p\u003E\n\u003Cbr \/\u003E\n\u003Cp\u003EUchwa\u0142a wchodzi w \u017cycie w terminie 14 dni od og\u0142oszenia w Dzienniku Urz\u0119dowym Wojew\u00f3dztwa \u015al\u0105skiego.\u003C\/p\u003E\n\u003C\/div\u003E","promotion":false}},{"id":"bf6dbc25-d119-11e7-80a9-005056b46601","type":"Gallery","name":"Galeria","description":"Galeria"},{"id":"bf6e1f6b-d119-11e7-80a9-005056b46601","type":"Attachment","name":"Za\u0142\u0105czniki","description":"Za\u0142\u0105czniki do strony"},{"id":"eba03b25-d9a7-11e7-b355-005056b70dba","type":"PageTitle","name":"","description":"Tytu\u0142 strony","content":{"title":"Uchwa\u0142a Sejmiku nr III\/8\/5\/2007 z dnia 2007-05-16"}},{"id":"eba07701-d9a7-11e7-b355-005056b70dba","type":"PageDescription","name":"","description":"Zajawka strony","content":[]},{"id":"1b1a7940-ff78-11e7-b81e-005056b7801d","type":"SectionDescription","name":"","description":"Zajawka sekcji","content":[]}]}

Uchwała Sejmiku nr III/8/5/2007 z dnia 2007-05-16

Urząd Marszałkowski Województwa Śląskiego

Uchwała Sejmiku

Data ogłoszenia

zasad i trybu umarzania, odraczania lub rozkładania na raty wierzytelności Województwa Śląskiego lub wierzytelności samorządowych jednostek organizacyjnych Województwa Śląskiego z tytułu należności pieniężnych, do których nie stosuje się przepisów ustawy - Ordynacja podatkowa

Numer uchwały

Treść

Treść strony

<div class="lead1">Na podstawie<br />art. 18 pkt 20<br /> ustawy z dnia 5 czerwca 1998 roku o samorządzie województwa<br /> (t. j. Dz. U. Nr 142 z 2001 roku, poz.1590 z późn. zm.)<br /> oraz art. 43 ust. 1 i 2<br /> ustawy z dnia 30 czerwca 2005 roku o finansach publicznych<br /> (Dz. U. Nr 249 z 2005 roku, poz. 2104 z późn. zm.)</div>
<div class="tresc">
<p align="center">§ 1</p>
<br />
<p>Uchwala się „Zasady i tryb umarzania, odraczania lub rozkładania na raty wierzytelności Województwa Śląskiego lub wierzytelności samorządowych jednostek organizacyjnych Województwa Śląskiego z tytułu należności pieniężnych, do których nie stosuje się przepisów ustawy – Ordynacja podatkowa”, stanowiące Załącznik nr 1 do niniejszej uchwały.</p>
<br />
<p align="center">§ 2</p>
<br />
<p>Wskazuje się następujące organy uprawnione do umarzania, rozkładania na raty, odraczania terminów płatności należności pieniężnych:</p>
<br />
<p>1) Zarząd Województwa w zakresie wierzytelności przysługujących Województwu Śląskiemu oraz wierzytelności samorządowych jednostek organizacyjnych Województwa Śląskiego powyżej wartości 2 - krotnego przeciętnego wynagrodzenia, określonego w § 1 pkt. 3 załącznika nr 1 do niniejszej uchwały, dla roku poprzedzającego umorzenie, rozłożenie na raty, odroczenie terminów płatności - w stosunku do danego dłużnika rocznie.</p>
<br />
<p>2) Dyrektorzy samorządowych jednostek organizacyjnych Województwa Śląskiego oraz Marszałek Województwa - do wysokości 2 - krotnego przeciętnego wynagrodzenia, określonego w § 1 pkt. 3 załącznika nr 1 do niniejszej uchwały, dla roku poprzedzającego umorzenie, rozłożenie na raty, odroczenie terminów płatności w stosunku do danego dłużnika rocznie.</p>
<br />
<p align="center">§ 3</p>
<br />
<p>Wykonanie uchwały powierza się Zarządowi Województwa Śląskiego.</p>
<br />
<p align="center">§ 4</p>
<br />
<p>Uchwała wchodzi w życie w terminie 14 dni od ogłoszenia w Dzienniku Urzędowym Województwa Śląskiego.</p>
</div>

Załączniki

Załączniki do strony

Tytuł strony
