{"id":24957,"name":"uchwala-sejmiku-nr-iv1812012-z-dnia-2012-02-13","title":"Uchwa\u0142a Sejmiku nr IV\/18\/1\/2012 z dnia 2012-02-13","desc":"","header":"Uchwa\u0142a Sejmiku nr IV\/18\/1\/2012 z dnia 2012-02-13","lead":"","keywords":"","changes":"Migracja danych","menu":"","path":"\/sejmik_wojewodztwa\/sesje_sejmiku\/uchwaly\/uchwala-sejmiku-nr-iv1812012-z-dnia-2012-02-13.html","url":"\/sejmik_wojewodztwa\/sesje_sejmiku\/uchwaly\/uchwala-sejmiku-nr-iv1812012-z-dnia-2012-02-13.html","infoOwner":"Urz\u0105d Marsza\u0142kowski Wojew\u00f3dztwa \u015al\u0105skiego","dateFirstPublicate":"2022-01-12 10:54:41","dateLastVersionPublicate":"2022-01-12 10:54:41","dateAvailableFrom":"2022-01-12 10:17:45","dateAvailableTo":"","type":"Uchwa\u0142a Sejmiku","pageParams":[{"id":"225","name":"DATA_OGLOSZENIA","description":"Data og\u0142oszenia","value":"2012-02-13"},{"id":"235","name":"W sprawie","description":"W sprawie","value":"przyj\u0119cia o\u015bwiadczenia dotycz\u0105cego uczczenia J\u00f3zefa Kiedronia, wybitnego \u015al\u0105zaka i Polaka, wsp\u00f3\u0142tw\u00f3rcy ruchu narodowego i o\u015bwiatowego na \u015al\u0105sku Cieszy\u0144skim, w 80. rocznic\u0119 Jego \u015bmierci"},{"id":"299","name":"NUMER_UCHWALY_SEJMIKU","description":"Numer uchwa\u0142y","value":"IV\/18\/01\/2012"}],"components":[{"id":"bf6d5eba-d119-11e7-80a9-005056b46601","type":"ContentWYSIWYG","name":"Tre\u015b\u0107","description":"Tre\u015b\u0107 strony","content":{"content":"","promotion":false}},{"id":"bf6dbc25-d119-11e7-80a9-005056b46601","type":"Gallery","name":"Galeria","description":"Galeria"},{"id":"bf6e1f6b-d119-11e7-80a9-005056b46601","type":"Attachment","name":"Za\u0142\u0105czniki","description":"Za\u0142\u0105czniki do strony","content":[{"src":"\/resource\/44749\/Uchwa%25C5%2582a+sejmiku+nr+IV-18-1-2012+z+dnia+13+lutego+2012+roku.pdf","extension":"PDF","name":"61a720c70a948e70ed3fc3fc365acb3d.pdf","size":"89.89 KB"}]},{"id":"eba03b25-d9a7-11e7-b355-005056b70dba","type":"PageTitle","name":"","description":"Tytu\u0142 strony","content":{"title":"Uchwa\u0142a Sejmiku nr IV\/18\/1\/2012 z dnia 2012-02-13"}},{"id":"eba07701-d9a7-11e7-b355-005056b70dba","type":"PageDescription","name":"","description":"Zajawka strony","content":[]},{"id":"1b1a7940-ff78-11e7-b81e-005056b7801d","type":"SectionDescription","name":"","description":"Zajawka sekcji","content":[]}]}

Uchwała Sejmiku nr IV/18/1/2012 z dnia 2012-02-13

Urząd Marszałkowski Województwa Śląskiego

Uchwała Sejmiku

Data ogłoszenia

przyjęcia oświadczenia dotyczącego uczczenia Józefa Kiedronia, wybitnego Ślązaka i Polaka, współtwórcy ruchu narodowego i oświatowego na Śląsku Cieszyńskim, w 80. rocznicę Jego śmierci

Numer uchwały

Treść

Treść strony

Załączniki

Załączniki do strony

Tytuł strony
