{"id":24307,"name":"uchwala-sejmiku-nr-iv2762012-z-dnia-2012-10-15","title":"Uchwa\u0142a Sejmiku nr IV\/27\/6\/2012 z dnia 2012-10-15","desc":"","header":"Uchwa\u0142a Sejmiku nr IV\/27\/6\/2012 z dnia 2012-10-15","lead":"","keywords":"","changes":"Migracja zmian","menu":"","path":"\/sejmik_wojewodztwa\/sesje_sejmiku\/uchwaly\/uchwala-sejmiku-nr-iv2762012-z-dnia-2012-10-15.html","url":"\/sejmik_wojewodztwa\/sesje_sejmiku\/uchwaly\/uchwala-sejmiku-nr-iv2762012-z-dnia-2012-10-15.html","infoOwner":"Urz\u0105d Marsza\u0142kowski Wojew\u00f3dztwa \u015al\u0105skiego","dateFirstPublicate":"2021-12-28 10:26:36","dateLastVersionPublicate":"2021-12-28 10:26:36","dateAvailableFrom":"2021-12-28 10:25:43","dateAvailableTo":"","type":"Uchwa\u0142a Sejmiku","pageParams":[{"id":"225","name":"DATA_OGLOSZENIA","description":"Data og\u0142oszenia","value":"2012-10-15"},{"id":"235","name":"W sprawie","description":"W sprawie","value":"wyra\u017cenia zgody na wniesienie do sp\u00f3\u0142ki kapita\u0142owej ze 100-procentowym udzia\u0142em Wojew\u00f3dztwa \u015al\u0105skiego, powsta\u0142ej w wyniku przekszta\u0142cenia \u015al\u0105skiego Centrum Rehabilitacyjno-Uzdrowiskowego im. dr. Adama Szebesty w Rabce-Zdroju, jako aportu nieruchomo\u015bci po\u0142o\u017conych w Rabce-Zdroju"},{"id":"299","name":"NUMER_UCHWALY_SEJMIKU","description":"Numer uchwa\u0142y","value":"IV\/27\/06\/2012"}],"components":[{"id":"bf6d5eba-d119-11e7-80a9-005056b46601","type":"ContentWYSIWYG","name":"Tre\u015b\u0107","description":"Tre\u015b\u0107 strony","content":{"content":"","promotion":false}},{"id":"bf6dbc25-d119-11e7-80a9-005056b46601","type":"Gallery","name":"Galeria","description":"Galeria"},{"id":"bf6e1f6b-d119-11e7-80a9-005056b46601","type":"Attachment","name":"Za\u0142\u0105czniki","description":"Za\u0142\u0105czniki do strony","content":[{"src":"\/resource\/44084\/Uchwa%25C5%2582a+sejmiku+nr+IV-27-6-2012+z+dnia+15+pa%25C5%25BAdziernika+2012+roku.pdf","extension":"PDF","name":"d0ecf673218f3a92d006b155af9f0b59.pdf","size":"695.72 KB"}]},{"id":"eba03b25-d9a7-11e7-b355-005056b70dba","type":"PageTitle","name":"","description":"Tytu\u0142 strony","content":{"title":"Uchwa\u0142a Sejmiku nr IV\/27\/6\/2012 z dnia 2012-10-15"}},{"id":"eba07701-d9a7-11e7-b355-005056b70dba","type":"PageDescription","name":"","description":"Zajawka strony","content":[]},{"id":"1b1a7940-ff78-11e7-b81e-005056b7801d","type":"SectionDescription","name":"","description":"Zajawka sekcji","content":[]}]}

Uchwała Sejmiku nr IV/27/6/2012 z dnia 2012-10-15

Urząd Marszałkowski Województwa Śląskiego

Uchwała Sejmiku

Data ogłoszenia

wyrażenia zgody na wniesienie do spółki kapitałowej ze 100-procentowym udziałem Województwa Śląskiego, powstałej w wyniku przekształcenia Śląskiego Centrum Rehabilitacyjno-Uzdrowiskowego im. dr. Adama Szebesty w Rabce-Zdroju, jako aportu nieruchomości położonych w Rabce-Zdroju

Numer uchwały

Treść

Treść strony

Załączniki

Załączniki do strony

Tytuł strony
