{"id":9378,"name":"uchwala-sejmiku-nr-vi-12-10-2019-z-dnia-2019-08-26","title":"Uchwa\u0142a Sejmiku nr VI\/12\/10\/2019 z dnia 2019-08-26","desc":"","header":"Uchwa\u0142a Sejmiku nr VI\/12\/10\/2019 z dnia 2019-08-26","lead":"","keywords":"","changes":"przeedytowanie danych","menu":"","path":"\/sejmik_wojewodztwa\/sesje_sejmiku\/uchwaly\/uchwala-sejmiku-nr-vi-12-10-2019-z-dnia-2019-08-26.html","url":"\/sejmik_wojewodztwa\/sesje_sejmiku\/uchwaly\/uchwala-sejmiku-nr-vi-12-10-2019-z-dnia-2019-08-26.html","infoOwner":"Urz\u0105d Marsza\u0142kowski Wojew\u00f3dztwa \u015al\u0105skiego","dateFirstPublicate":"2019-08-29 14:53:05","dateLastVersionPublicate":"2019-10-01 11:16:21","dateAvailableFrom":"","dateAvailableTo":"","type":"Uchwa\u0142a Sejmiku","pageParams":[{"id":"225","name":"DATA_OGLOSZENIA","description":"Data og\u0142oszenia","value":"2019-08-26"},{"id":"235","name":"W sprawie","description":"W sprawie","value":"przekszta\u0142cenia szk\u00f3\u0142 wchodz\u0105cych w sk\u0142ad Zespo\u0142u Szk\u00f3\u0142 Specjalnych przy O\u015brodku Terapii Nerwic dla Dzieci i M\u0142odzie\u017cy w Orzeszu poprzez utworzenie dodatkowej lokalizacji  prowadzenia zaj\u0119\u0107 dydaktycznych, wychowawczych i opieku\u0144czych"},{"id":"299","name":"NUMER_UCHWALY_SEJMIKU","description":"Numer uchwa\u0142y","value":"VI\/12\/10\/2019"}],"components":[{"id":"bf6d5eba-d119-11e7-80a9-005056b46601","type":"ContentWYSIWYG","name":"Tre\u015b\u0107","description":"Tre\u015b\u0107 strony","content":{"content":"\u003Cp style=\u0022box-sizing: border-box; margin: 0px 0px 20px; color: #555555; font-family: Arial, sans-serif; font-size: 14px; font-style: normal; font-variant-ligatures: normal; font-variant-caps: normal; font-weight: 400; letter-spacing: normal; orphans: 2; text-align: start; text-indent: 0px; text-transform: none; white-space: normal; widows: 2; word-spacing: 0px; -webkit-text-stroke-width: 0px; background-color: #ffffff; text-decoration-style: initial; text-decoration-color: initial;\u0022\u003E\u003Cspan style=\u0022box-sizing: border-box; color: #ff0000;\u0022\u003E\u003Cem style=\u0022box-sizing: border-box;\u0022\u003E\u003Cstrong style=\u0022box-sizing: border-box; font-weight: bold;\u0022\u003ESTWIERDZONO NIEWA\u017bNO\u015a\u0106 UCHWA\u0141Y!\u003C\/strong\u003E (w cz\u0119\u015bci dotycz\u0105cej \u003Cspan style=\u0022box-sizing: border-box; color: #ff0000;\u0022\u003E\u00a7 2 oraz za\u0142\u0105cznik\u00f3w nr 1 i 2 do uchwa\u0142y)\u003C\/span\u003E\u003Cstrong style=\u0022box-sizing: border-box; font-weight: bold;\u0022\u003E\u003Cbr \/\u003E\u003C\/strong\u003E\u003C\/em\u003E\u003C\/span\u003E\u003C\/p\u003E\n\u003Cp style=\u0022box-sizing: border-box; margin: 0px 0px 20px; color: #555555; font-family: Arial, sans-serif; font-size: 14px; font-style: normal; font-variant-ligatures: normal; font-variant-caps: normal; font-weight: 400; letter-spacing: normal; orphans: 2; text-align: start; text-indent: 0px; text-transform: none; white-space: normal; widows: 2; word-spacing: 0px; -webkit-text-stroke-width: 0px; background-color: #ffffff; text-decoration-style: initial; text-decoration-color: initial;\u0022\u003E\u003Cspan style=\u0022box-sizing: border-box; color: #000000;\u0022\u003ERozstrzygni\u0119cie nadzorcze Wojewody \u015al\u0105skiego nr NPII.4131.1.640.2019 z dnia 27.09.2019 r. stwierdzaj\u0105ce niewa\u017cno\u015b\u0107 Uchwa\u0142y nr VI\/12\/10\/2019 Sejmiku Wojew\u00f3dztwa \u015al\u0105skiego z dnia 26 sierpnia 2019 r. w sprawie przekszta\u0142cenia szk\u00f3\u0142 wchodz\u0105cych w sk\u0142ad Zespo\u0142u Szk\u00f3\u0142 Specjalnych przy O\u015brodku Terapii Nerwic dla Dzieci i M\u0142odzie\u017cy w Orzeszu poprzez utworzenie dodatkowej lokalizacji prowadzenia zaj\u0119\u0107 dydaktycznych, wychowawczych i opieku\u0144czych, w cz\u0119\u015bci dotycz\u0105cej \u00a7 2 oraz za\u0142\u0105cznik\u00f3w nr 1 i 2 do uchwa\u0142y\u003Cbr \/\u003E\u003C\/span\u003E\u003C\/p\u003E","promotion":false}},{"id":"bf6dbc25-d119-11e7-80a9-005056b46601","type":"Gallery","name":"Galeria","description":"Galeria"},{"id":"bf6e1f6b-d119-11e7-80a9-005056b46601","type":"Attachment","name":"Za\u0142\u0105czniki","description":"Za\u0142\u0105czniki do strony","content":[{"src":"\/resource\/18254\/Uchwa%25C5%2582a.VI.12.10.2019.2019-08-26.pdf","extension":"PDF","name":"7b30aaf9da09fc1c8f942a3a0ef920f2.pdf","size":"393.94 KB"},{"src":"\/resource\/19222\/rozstrzygniecie+nadzorcze_27.09.2019.pdf","extension":"PDF","name":"9b63f3c35d7d4e17173af715ec428109.pdf","size":"121.8 KB"}]},{"id":"eba03b25-d9a7-11e7-b355-005056b70dba","type":"PageTitle","name":"","description":"Tytu\u0142 strony","content":{"title":"Uchwa\u0142a Sejmiku nr VI\/12\/10\/2019 z dnia 2019-08-26"}},{"id":"eba07701-d9a7-11e7-b355-005056b70dba","type":"PageDescription","name":"","description":"Zajawka strony","content":[]},{"id":"1b1a7940-ff78-11e7-b81e-005056b7801d","type":"SectionDescription","name":"","description":"Zajawka sekcji","content":[]}]}

Uchwała Sejmiku nr VI/12/10/2019 z dnia 2019-08-26

Urząd Marszałkowski Województwa Śląskiego

Uchwała Sejmiku

Data ogłoszenia

przekształcenia szkół wchodzących w skład Zespołu Szkół Specjalnych przy Ośrodku Terapii Nerwic dla Dzieci i Młodzieży w Orzeszu poprzez utworzenie dodatkowej lokalizacji  prowadzenia zajęć dydaktycznych, wychowawczych i opiekuńczych

Numer uchwały

Treść

Treść strony

<p style="box-sizing: border-box; margin: 0px 0px 20px; color: #555555; font-family: Arial, sans-serif; font-size: 14px; font-style: normal; font-variant-ligatures: normal; font-variant-caps: normal; font-weight: 400; letter-spacing: normal; orphans: 2; text-align: start; text-indent: 0px; text-transform: none; white-space: normal; widows: 2; word-spacing: 0px; -webkit-text-stroke-width: 0px; background-color: #ffffff; text-decoration-style: initial; text-decoration-color: initial;"><span style="box-sizing: border-box; color: #ff0000;"><em style="box-sizing: border-box;"><strong style="box-sizing: border-box; font-weight: bold;">STWIERDZONO NIEWAŻNOŚĆ UCHWAŁY!</strong> (w części dotyczącej <span style="box-sizing: border-box; color: #ff0000;">§ 2 oraz załączników nr 1 i 2 do uchwały)</span><strong style="box-sizing: border-box; font-weight: bold;"><br /></strong></em></span></p>
<p style="box-sizing: border-box; margin: 0px 0px 20px; color: #555555; font-family: Arial, sans-serif; font-size: 14px; font-style: normal; font-variant-ligatures: normal; font-variant-caps: normal; font-weight: 400; letter-spacing: normal; orphans: 2; text-align: start; text-indent: 0px; text-transform: none; white-space: normal; widows: 2; word-spacing: 0px; -webkit-text-stroke-width: 0px; background-color: #ffffff; text-decoration-style: initial; text-decoration-color: initial;"><span style="box-sizing: border-box; color: #000000;">Rozstrzygnięcie nadzorcze Wojewody Śląskiego nr NPII.4131.1.640.2019 z dnia 27.09.2019 r. stwierdzające nieważność Uchwały nr VI/12/10/2019 Sejmiku Województwa Śląskiego z dnia 26 sierpnia 2019 r. w sprawie przekształcenia szkół wchodzących w skład Zespołu Szkół Specjalnych przy Ośrodku Terapii Nerwic dla Dzieci i Młodzieży w Orzeszu poprzez utworzenie dodatkowej lokalizacji prowadzenia zajęć dydaktycznych, wychowawczych i opiekuńczych, w części dotyczącej § 2 oraz załączników nr 1 i 2 do uchwały<br /></span></p>

Załączniki

Załączniki do strony

Tytuł strony
