{"id":16033,"name":"uchwala-sejmiku-nr-vi-25-9-2020-z-dnia-2020-11-16","title":"Uchwa\u0142a Sejmiku nr VI\/25\/9\/2020 z dnia 2020-11-16","desc":"","header":"Uchwa\u0142a Sejmiku nr VI\/25\/9\/2020 z dnia 2020-11-16","lead":"","keywords":"","changes":"dodanie nowego wpisu - uchwa\u0142a Sejmiku","menu":"","path":"\/sejmik_wojewodztwa\/sesje_sejmiku\/uchwaly\/uchwala-sejmiku-nr-vi-25-9-2020-z-dnia-2020-11-16.html","url":"\/sejmik_wojewodztwa\/sesje_sejmiku\/uchwaly\/uchwala-sejmiku-nr-vi-25-9-2020-z-dnia-2020-11-16.html","infoOwner":"Urz\u0105d Marsza\u0142kowski Wojew\u00f3dztwa \u015al\u0105skiego","dateFirstPublicate":"2020-11-23 14:27:25","dateLastVersionPublicate":"2020-11-23 14:27:25","dateAvailableFrom":"","dateAvailableTo":"","type":"Uchwa\u0142a Sejmiku","pageParams":[{"id":"225","name":"DATA_OGLOSZENIA","description":"Data og\u0142oszenia","value":"2020-11-16"},{"id":"235","name":"W sprawie","description":"W sprawie","value":"okre\u015blenia planu sieci publicznych plac\u00f3wek doskonalenia nauczycieli, bibliotek pedagogicznych oraz szk\u00f3\u0142 i plac\u00f3wek, o kt\u00f3rych mowa w art. 8 ust. 22 ustawy z dnia 14 grudnia 2016 r. \u2013 Prawo o\u015bwiatowe (Dz. U. z 2020 r., poz. 910), prowadzonych przez Wojew\u00f3dztwo \u015al\u0105skie"},{"id":"299","name":"NUMER_UCHWALY_SEJMIKU","description":"Numer uchwa\u0142y","value":"VI\/25\/09\/2020"}],"components":[{"id":"bf6d5eba-d119-11e7-80a9-005056b46601","type":"ContentWYSIWYG","name":"Tre\u015b\u0107","description":"Tre\u015b\u0107 strony","content":{"content":"","promotion":false}},{"id":"bf6dbc25-d119-11e7-80a9-005056b46601","type":"Gallery","name":"Galeria","description":"Galeria"},{"id":"bf6e1f6b-d119-11e7-80a9-005056b46601","type":"Attachment","name":"Za\u0142\u0105czniki","description":"Za\u0142\u0105czniki do strony","content":[{"src":"\/resource\/32056\/Uchwa%25C5%2582a.VI.25.9.2020.2020-11-16.pdf","extension":"PDF","name":"4c80f696f943f247fd4ab722de69b4b2.pdf","size":"203.61 KB"}]},{"id":"eba03b25-d9a7-11e7-b355-005056b70dba","type":"PageTitle","name":"","description":"Tytu\u0142 strony","content":{"title":"Uchwa\u0142a Sejmiku nr VI\/25\/9\/2020 z dnia 2020-11-16"}},{"id":"eba07701-d9a7-11e7-b355-005056b70dba","type":"PageDescription","name":"","description":"Zajawka strony","content":[]},{"id":"1b1a7940-ff78-11e7-b81e-005056b7801d","type":"SectionDescription","name":"","description":"Zajawka sekcji","content":[]}]}

Uchwała Sejmiku nr VI/25/9/2020 z dnia 2020-11-16

dodanie nowego wpisu - uchwała Sejmiku

Urząd Marszałkowski Województwa Śląskiego

Uchwała Sejmiku

Data ogłoszenia

określenia planu sieci publicznych placówek doskonalenia nauczycieli, bibliotek pedagogicznych oraz szkół i placówek, o których mowa w art. 8 ust. 22 ustawy z dnia 14 grudnia 2016 r. – Prawo oświatowe (Dz. U. z 2020 r., poz. 910), prowadzonych przez Województwo Śląskie

Numer uchwały

Treść

Treść strony

Załączniki

Załączniki do strony

Tytuł strony
