{"id":38411,"name":"uchwala-sejmiku-nr-vi4862022-z-dnia-2022-09-26","title":"Uchwa\u0142a Sejmiku nr VI\/48\/6\/2022 z dnia 2022-09-26","desc":"","header":"Uchwa\u0142a Sejmiku nr VI\/48\/6\/2022 z dnia 2022-09-26","lead":"","keywords":"","changes":"dodanie nowego wpisu - uchwa\u0142a Sejmiku","menu":"","path":"\/sejmik_wojewodztwa\/sesje_sejmiku\/uchwaly\/uchwala-sejmiku-nr-vi4862022-z-dnia-2022-09-26.html","url":"\/sejmik_wojewodztwa\/sesje_sejmiku\/uchwaly\/uchwala-sejmiku-nr-vi4862022-z-dnia-2022-09-26.html","infoOwner":"Urz\u0105d Marsza\u0142kowski Wojew\u00f3dztwa \u015al\u0105skiego","dateFirstPublicate":"2022-09-29 15:39:51","dateLastVersionPublicate":"2022-09-29 15:39:51","dateAvailableFrom":"","dateAvailableTo":"","type":"Uchwa\u0142a Sejmiku","pageParams":[{"id":"225","name":"DATA_OGLOSZENIA","description":"Data og\u0142oszenia","value":"2022-09-26"},{"id":"235","name":"W sprawie","description":"W sprawie","value":"zmiany uchwa\u0142y Nr III\/38\/6\/2009 Sejmiku Wojew\u00f3dztwa \u015al\u0105skiego z dnia 20 maja 2009 roku w sprawie przyj\u0119cia Zasad rozliczania obowi\u0105zkowego wymiaru godzin zaj\u0119\u0107 nauczycieli, dla kt\u00f3rych ustalony plan zaj\u0119\u0107 jest r\u00f3\u017cny w poszczeg\u00f3lnych okresach roku szkolnego, oraz zaliczania do wymiaru godzin poszczeg\u00f3lnych zaj\u0119\u0107 w kszta\u0142ceniu zaocznym i w systemie kszta\u0142cenia na odleg\u0142o\u015b\u0107, a tak\u017ce okre\u015blenie tygodniowego obowi\u0105zkowego wymiaru godzin zaj\u0119\u0107 nauczycieli szk\u00f3\u0142 niewymienionych w ust. 3 art. 42 Karty Nauczyciela (ze zmianami)"},{"id":"299","name":"NUMER_UCHWALY_SEJMIKU","description":"Numer uchwa\u0142y","value":"VI\/48\/06\/2022"}],"components":[{"id":"bf6d5eba-d119-11e7-80a9-005056b46601","type":"ContentWYSIWYG","name":"Tre\u015b\u0107","description":"Tre\u015b\u0107 strony","content":{"content":"","promotion":false}},{"id":"bf6dbc25-d119-11e7-80a9-005056b46601","type":"Gallery","name":"Galeria","description":"Galeria"},{"id":"bf6e1f6b-d119-11e7-80a9-005056b46601","type":"Attachment","name":"Za\u0142\u0105czniki","description":"Za\u0142\u0105czniki do strony","content":[{"src":"\/resource\/58494\/Uchwa%25C5%2582a.VI.48.6.2022.2022-09-26.pdf","extension":"PDF","name":"9efa645cb72977195b8cf8ad3ee15c35.pdf","size":"167 KB"}]},{"id":"eba03b25-d9a7-11e7-b355-005056b70dba","type":"PageTitle","name":"","description":"Tytu\u0142 strony","content":{"title":"Uchwa\u0142a Sejmiku nr VI\/48\/6\/2022 z dnia 2022-09-26"}},{"id":"eba07701-d9a7-11e7-b355-005056b70dba","type":"PageDescription","name":"","description":"Zajawka strony","content":[]},{"id":"1b1a7940-ff78-11e7-b81e-005056b7801d","type":"SectionDescription","name":"","description":"Zajawka sekcji","content":[]}]}

Uchwała Sejmiku nr VI/48/6/2022 z dnia 2022-09-26

dodanie nowego wpisu - uchwała Sejmiku

Urząd Marszałkowski Województwa Śląskiego

Uchwała Sejmiku

Data ogłoszenia

zmiany uchwały Nr III/38/6/2009 Sejmiku Województwa Śląskiego z dnia 20 maja 2009 roku w sprawie przyjęcia Zasad rozliczania obowiązkowego wymiaru godzin zajęć nauczycieli, dla których ustalony plan zajęć jest różny w poszczególnych okresach roku szkolnego, oraz zaliczania do wymiaru godzin poszczególnych zajęć w kształceniu zaocznym i w systemie kształcenia na odległość, a także określenie tygodniowego obowiązkowego wymiaru godzin zajęć nauczycieli szkół niewymienionych w ust. 3 art. 42 Karty Nauczyciela (ze zmianami)

Numer uchwały

Treść

Treść strony

Załączniki

Załączniki do strony

Tytuł strony
