{"id":39874,"name":"uchwala-sejmiku-nr-vi51132022-z-dnia-2022-12-07","title":"Uchwa\u0142a Sejmiku nr VI\/51\/13\/2022 z dnia 2022-12-07","desc":"","header":"Uchwa\u0142a Sejmiku nr VI\/51\/13\/2022 z dnia 2022-12-07","lead":"","keywords":"","changes":"aktualizacja wpisu - zamieszczenie rozstrzygni\u0119cia nadzorczego","menu":"","path":"\/sejmik_wojewodztwa\/sesje_sejmiku\/uchwaly\/uchwala-sejmiku-nr-vi51132022-z-dnia-2022-12-07.html","url":"\/sejmik_wojewodztwa\/sesje_sejmiku\/uchwaly\/uchwala-sejmiku-nr-vi51132022-z-dnia-2022-12-07.html","infoOwner":"Urz\u0105d Marsza\u0142kowski Wojew\u00f3dztwa \u015al\u0105skiego","dateFirstPublicate":"2022-12-13 16:10:33","dateLastVersionPublicate":"2023-01-23 12:24:17","dateAvailableFrom":"","dateAvailableTo":"","type":"Uchwa\u0142a Sejmiku","pageParams":[{"id":"225","name":"DATA_OGLOSZENIA","description":"Data og\u0142oszenia","value":"2022-12-07"},{"id":"235","name":"W sprawie","description":"W sprawie","value":"zmiany sk\u0142adu Komisji Rolnictwa i Teren\u00f3w Wiejskich"},{"id":"299","name":"NUMER_UCHWALY_SEJMIKU","description":"Numer uchwa\u0142y","value":"VI\/51\/13\/2022"}],"components":[{"id":"bf6d5eba-d119-11e7-80a9-005056b46601","type":"ContentWYSIWYG","name":"Tre\u015b\u0107","description":"Tre\u015b\u0107 strony","content":{"content":"\u003Cp style=\u0022box-sizing: border-box; margin: 0px 0px 20px; color: #555555; font-family: Arial, sans-serif; font-size: 14px; font-style: normal; font-variant-ligatures: normal; font-variant-caps: normal; font-weight: 400; letter-spacing: normal; orphans: 2; text-align: start; text-indent: 0px; text-transform: none; white-space: normal; widows: 2; word-spacing: 0px; -webkit-text-stroke-width: 0px; text-decoration-thickness: initial; text-decoration-style: initial; text-decoration-color: initial; background-color: #ffffff;\u0022\u003E\u003Cem style=\u0022box-sizing: border-box; font-family: Arial, sans-serif; font-size: 14px; font-variant-ligatures: normal; font-variant-caps: normal; font-weight: 400; letter-spacing: normal; orphans: 2; text-align: start; text-indent: 0px; text-transform: none; white-space: normal; widows: 2; word-spacing: 0px; -webkit-text-stroke-width: 0px; text-decoration-thickness: initial; text-decoration-style: initial; text-decoration-color: initial; color: #ff0000; background-color: #ffffff;\u0022\u003E\u003Cstrong style=\u0022box-sizing: border-box; font-weight: bold;\u0022\u003ESTWIERDZONO NIEWA\u017bNO\u015a\u0106 UCHWA\u0141Y!\u003C\/strong\u003E\u003C\/em\u003E\u003C\/p\u003E\n\u003Cp style=\u0022box-sizing: border-box; margin: 0px 0px 20px; color: #555555; font-family: Arial, sans-serif; font-size: 14px; font-style: normal; font-variant-ligatures: normal; font-variant-caps: normal; font-weight: 400; letter-spacing: normal; orphans: 2; text-align: start; text-indent: 0px; text-transform: none; white-space: normal; widows: 2; word-spacing: 0px; -webkit-text-stroke-width: 0px; text-decoration-thickness: initial; text-decoration-style: initial; text-decoration-color: initial; background-color: #ffffff;\u0022\u003E\u003Cem style=\u0022box-sizing: border-box; font-family: Arial, sans-serif; font-size: 14px; font-variant-ligatures: normal; font-variant-caps: normal; font-weight: 400; letter-spacing: normal; orphans: 2; text-align: start; text-indent: 0px; text-transform: none; white-space: normal; widows: 2; word-spacing: 0px; -webkit-text-stroke-width: 0px; text-decoration-thickness: initial; text-decoration-style: initial; text-decoration-color: initial; color: #ff0000; background-color: #ffffff;\u0022\u003E\u003Cspan style=\u0022box-sizing: border-box; color: #555555; font-family: Arial, sans-serif; font-size: 14px; font-style: normal; font-variant-ligatures: normal; font-variant-caps: normal; font-weight: 400; letter-spacing: normal; orphans: 2; text-align: start; text-indent: 0px; text-transform: none; white-space: normal; widows: 2; word-spacing: 0px; -webkit-text-stroke-width: 0px; background-color: #ffffff; text-decoration-thickness: initial; text-decoration-style: initial; text-decoration-color: initial; float: none; display: inline !important;\u0022\u003ERozstrzygni\u0119cie nadzorcze Wojewody \u015al\u0105skiego nr NPII.4131.1.1079.2022 z dnia 12.01.2023 r. stwierdzaj\u0105ce niewa\u017cno\u015b\u0107 uchwa\u0142y \u003Cbr \/\u003Enr VI\/51\/13\/2022 Sejmiku Wojew\u00f3dztwa \u015al\u0105skiego z dnia 7 grudnia 2022 r. w sprawie zmiany sk\u0142adu Komisji Rolnictwa i Teren\u00f3w Wiejskich, w ca\u0142o\u015bci\u003Cbr \/\u003E\u003C\/span\u003E\u003C\/em\u003E\u003C\/p\u003E","promotion":false}},{"id":"bf6dbc25-d119-11e7-80a9-005056b46601","type":"Gallery","name":"Galeria","description":"Galeria"},{"id":"bf6e1f6b-d119-11e7-80a9-005056b46601","type":"Attachment","name":"Za\u0142\u0105czniki","description":"Za\u0142\u0105czniki do strony","content":[{"src":"\/resource\/60130\/Uchwa%25C5%2582a.VI.51.13.2022.2022-12-07.pdf","extension":"PDF","name":"d8392be116524d4555767da757b617ce.pdf","size":"167.87 KB"},{"src":"\/resource\/60130\/Rozstrzygni%25C4%2599cie+nadzorcze+w+ca%25C5%2582o%25C5%259Bci+znak+sprawy+NPII.4131.1.1079.2022_komisja.pdf","extension":"PDF","name":"37786041852589e5e8e522cce0b16ef0.pdf","size":"1.31 MB"}]},{"id":"eba03b25-d9a7-11e7-b355-005056b70dba","type":"PageTitle","name":"","description":"Tytu\u0142 strony","content":{"title":"Uchwa\u0142a Sejmiku nr VI\/51\/13\/2022 z dnia 2022-12-07"}},{"id":"eba07701-d9a7-11e7-b355-005056b70dba","type":"PageDescription","name":"","description":"Zajawka strony","content":[]},{"id":"1b1a7940-ff78-11e7-b81e-005056b7801d","type":"SectionDescription","name":"","description":"Zajawka sekcji","content":[]}]}

Uchwała Sejmiku nr VI/51/13/2022 z dnia 2022-12-07

aktualizacja wpisu - zamieszczenie rozstrzygnięcia nadzorczego

Urząd Marszałkowski Województwa Śląskiego

Uchwała Sejmiku

Data ogłoszenia

zmiany składu Komisji Rolnictwa i Terenów Wiejskich

Numer uchwały

Treść

Treść strony

<p style="box-sizing: border-box; margin: 0px 0px 20px; color: #555555; font-family: Arial, sans-serif; font-size: 14px; font-style: normal; font-variant-ligatures: normal; font-variant-caps: normal; font-weight: 400; letter-spacing: normal; orphans: 2; text-align: start; text-indent: 0px; text-transform: none; white-space: normal; widows: 2; word-spacing: 0px; -webkit-text-stroke-width: 0px; text-decoration-thickness: initial; text-decoration-style: initial; text-decoration-color: initial; background-color: #ffffff;"><em style="box-sizing: border-box; font-family: Arial, sans-serif; font-size: 14px; font-variant-ligatures: normal; font-variant-caps: normal; font-weight: 400; letter-spacing: normal; orphans: 2; text-align: start; text-indent: 0px; text-transform: none; white-space: normal; widows: 2; word-spacing: 0px; -webkit-text-stroke-width: 0px; text-decoration-thickness: initial; text-decoration-style: initial; text-decoration-color: initial; color: #ff0000; background-color: #ffffff;"><strong style="box-sizing: border-box; font-weight: bold;">STWIERDZONO NIEWAŻNOŚĆ UCHWAŁY!</strong></em></p>
<p style="box-sizing: border-box; margin: 0px 0px 20px; color: #555555; font-family: Arial, sans-serif; font-size: 14px; font-style: normal; font-variant-ligatures: normal; font-variant-caps: normal; font-weight: 400; letter-spacing: normal; orphans: 2; text-align: start; text-indent: 0px; text-transform: none; white-space: normal; widows: 2; word-spacing: 0px; -webkit-text-stroke-width: 0px; text-decoration-thickness: initial; text-decoration-style: initial; text-decoration-color: initial; background-color: #ffffff;"><em style="box-sizing: border-box; font-family: Arial, sans-serif; font-size: 14px; font-variant-ligatures: normal; font-variant-caps: normal; font-weight: 400; letter-spacing: normal; orphans: 2; text-align: start; text-indent: 0px; text-transform: none; white-space: normal; widows: 2; word-spacing: 0px; -webkit-text-stroke-width: 0px; text-decoration-thickness: initial; text-decoration-style: initial; text-decoration-color: initial; color: #ff0000; background-color: #ffffff;"><span style="box-sizing: border-box; color: #555555; font-family: Arial, sans-serif; font-size: 14px; font-style: normal; font-variant-ligatures: normal; font-variant-caps: normal; font-weight: 400; letter-spacing: normal; orphans: 2; text-align: start; text-indent: 0px; text-transform: none; white-space: normal; widows: 2; word-spacing: 0px; -webkit-text-stroke-width: 0px; background-color: #ffffff; text-decoration-thickness: initial; text-decoration-style: initial; text-decoration-color: initial; float: none; display: inline !important;">Rozstrzygnięcie nadzorcze Wojewody Śląskiego nr NPII.4131.1.1079.2022 z dnia 12.01.2023 r. stwierdzające nieważność uchwały <br />nr VI/51/13/2022 Sejmiku Województwa Śląskiego z dnia 7 grudnia 2022 r. w sprawie zmiany składu Komisji Rolnictwa i Terenów Wiejskich, w całości<br /></span></em></p>

Załączniki

Załączniki do strony

Tytuł strony
