{"id":48205,"name":"uchwala-sejmiku-nr-vi5982023-z-dnia-2023-08-28","title":"Uchwa\u0142a Sejmiku nr VI\/59\/8\/2023 z dnia 2023-08-28","desc":"","header":"Uchwa\u0142a Sejmiku nr VI\/59\/8\/2023 z dnia 2023-08-28","lead":"","keywords":"","changes":"aktualizacja wpisu - zamieszczenie rozstrzygni\u0119cia nadzorczego","menu":"","path":"\/sejmik_wojewodztwa\/sesje_sejmiku\/uchwaly\/uchwala-sejmiku-nr-vi5982023-z-dnia-2023-08-28.html","url":"\/sejmik_wojewodztwa\/sesje_sejmiku\/uchwaly\/uchwala-sejmiku-nr-vi5982023-z-dnia-2023-08-28.html","infoOwner":"Urz\u0105d Marsza\u0142kowski Wojew\u00f3dztwa \u015al\u0105skiego","dateFirstPublicate":"2023-09-04 15:21:18","dateLastVersionPublicate":"2023-10-05 15:42:33","dateAvailableFrom":"","dateAvailableTo":"","type":"Uchwa\u0142a Sejmiku","pageParams":[{"id":"225","name":"DATA_OGLOSZENIA","description":"Data og\u0142oszenia","value":"2023-08-28"},{"id":"235","name":"W sprawie","description":"W sprawie","value":"zmiany uchwa\u0142y w sprawie utworzenia wojew\u00f3dzkiej jednostki organizacyjnej pod nazw\u0105: \u201e\u015al\u0105skie Centrum Przedsi\u0119biorczo\u015bci\u201d"},{"id":"299","name":"NUMER_UCHWALY_SEJMIKU","description":"Numer uchwa\u0142y","value":"VI\/59\/08\/2023"}],"components":[{"id":"bf6d5eba-d119-11e7-80a9-005056b46601","type":"ContentWYSIWYG","name":"Tre\u015b\u0107","description":"Tre\u015b\u0107 strony","content":{"content":"\u003Cp\u003E\u003Cem style=\u0022box-sizing: border-box; color: #ff0000; font-family: Arial, sans-serif; font-size: 14px; font-variant-ligatures: normal; font-variant-caps: normal; font-weight: 400; letter-spacing: normal; text-align: start; text-indent: 0px; text-transform: none; word-spacing: 0px; -webkit-text-stroke-width: 0px; white-space: normal; background-color: #ffffff;\u0022\u003E\u003Cstrong style=\u0022box-sizing: border-box; font-weight: bold;\u0022\u003ESTWIERDZONO NIEWA\u017bNO\u015a\u0106 UCHWA\u0141Y!\u003C\/strong\u003E\u003Cspan\u003E\u00a0\u003C\/span\u003E(w cz\u0119\u015bci okre\u015bl\u003C\/em\u003E\u003Cspan style=\u0022color: #ff0000;\u0022\u003E\u003Cem\u003Eonej w: \u00a7 1 pkt 3 w zakresie sformu\u0142owania \u0022oraz innych \u017ar\u00f3de\u0142 pozyskanych na realizacj\u0119 zada\u0144 wskazanych w Statucie\u0022, \u00a7 8 ust. 1 za\u0142\u0105cznika do uchwa\u0142y w zakresie sformu\u0142owania \u0022oraz innych \u017ar\u00f3de\u0142 pozyskanych na realizacj\u0119 zada\u0144 wskazanych w Statucie\u0022)\u003Cbr \/\u003E\u003C\/em\u003E\u003C\/span\u003E\u003C\/p\u003E\n\u003Cp\u003ERozstrzygni\u0119cie nadzorcze Wojewody \u015al\u0105skiego nr NPII.4131.1.998.2023 z dnia 04.10.2023 r. stwierdzaj\u0105ce niewa\u017cno\u015b\u0107 Uchwa\u0142y nr VI\/59\/8\/2023 Sejmiku Wojew\u00f3dztwa \u015al\u0105skiego z dnia 28 sierpnia 2023 r. w sprawie zmiany uchwa\u0142y w sprawie utworzenia wojew\u00f3dzkiej jednostki organizacyjnej pod nazw\u0105: \u0022\u015al\u0105skie Centrum Przedsi\u0119biorczo\u015bci\u0022 w cz\u0119\u015bci okre\u015blonej w:\u003Cbr \/\u003E1) \u00a7 1 pkt 3 w zakresie sformu\u0142owania \u0022oraz innych \u017ar\u00f3de\u0142 pozyskanych na realizacj\u0119 zada\u0144 wskazanych w Statucie\u0022,\u003Cbr \/\u003E2) \u00a7 8 ust. 1 za\u0142\u0105cznika do uchwa\u0142y w zakresie sformu\u0142owania \u0022oraz innych \u017ar\u00f3de\u0142 pozyskanych na realizacje zada\u0144 wskazanych w Statucie\u0022.\u003C\/p\u003E\n\u003Cp\u003E\u00a0\u003C\/p\u003E\n\u003Cp\u003E\u00a0\u003C\/p\u003E","promotion":false}},{"id":"bf6dbc25-d119-11e7-80a9-005056b46601","type":"Gallery","name":"Galeria","description":"Galeria"},{"id":"bf6e1f6b-d119-11e7-80a9-005056b46601","type":"Attachment","name":"Za\u0142\u0105czniki","description":"Za\u0142\u0105czniki do strony","content":[{"src":"\/resource\/68660\/Uchwa%25C5%2582a.VI.59.8.2023.2023-08-28.pdf","extension":"PDF","name":"7443e689a09df5bd7cced5eacb3a178b.pdf","size":"432.37 KB"},{"src":"\/resource\/68660\/Rozstrzygni%25C4%2599cie+nadzorcze_%25C5%259Al%25C4%2585skie+Centrum+Przedsi%25C4%2599biorczo%25C5%259Bci.pdf","extension":"PDF","name":"437171f3db3579586b652273bb4c3dea.pdf","size":"140.36 KB"}]},{"id":"eba03b25-d9a7-11e7-b355-005056b70dba","type":"PageTitle","name":"","description":"Tytu\u0142 strony","content":{"title":"Uchwa\u0142a Sejmiku nr VI\/59\/8\/2023 z dnia 2023-08-28"}},{"id":"eba07701-d9a7-11e7-b355-005056b70dba","type":"PageDescription","name":"","description":"Zajawka strony","content":[]},{"id":"1b1a7940-ff78-11e7-b81e-005056b7801d","type":"SectionDescription","name":"","description":"Zajawka sekcji","content":[]}]}

Uchwała Sejmiku nr VI/59/8/2023 z dnia 2023-08-28

aktualizacja wpisu - zamieszczenie rozstrzygnięcia nadzorczego

Urząd Marszałkowski Województwa Śląskiego

Uchwała Sejmiku

Data ogłoszenia

zmiany uchwały w sprawie utworzenia wojewódzkiej jednostki organizacyjnej pod nazwą: „Śląskie Centrum Przedsiębiorczości”

Numer uchwały

Treść

Treść strony

<p><em style="box-sizing: border-box; color: #ff0000; font-family: Arial, sans-serif; font-size: 14px; font-variant-ligatures: normal; font-variant-caps: normal; font-weight: 400; letter-spacing: normal; text-align: start; text-indent: 0px; text-transform: none; word-spacing: 0px; -webkit-text-stroke-width: 0px; white-space: normal; background-color: #ffffff;"><strong style="box-sizing: border-box; font-weight: bold;">STWIERDZONO NIEWAŻNOŚĆ UCHWAŁY!</strong><span> </span>(w części określ</em><span style="color: #ff0000;"><em>onej w: § 1 pkt 3 w zakresie sformułowania "oraz innych źródeł pozyskanych na realizację zadań wskazanych w Statucie", § 8 ust. 1 załącznika do uchwały w zakresie sformułowania "oraz innych źródeł pozyskanych na realizację zadań wskazanych w Statucie")<br /></em></span></p>
<p>Rozstrzygnięcie nadzorcze Wojewody Śląskiego nr NPII.4131.1.998.2023 z dnia 04.10.2023 r. stwierdzające nieważność Uchwały nr VI/59/8/2023 Sejmiku Województwa Śląskiego z dnia 28 sierpnia 2023 r. w sprawie zmiany uchwały w sprawie utworzenia wojewódzkiej jednostki organizacyjnej pod nazwą: "Śląskie Centrum Przedsiębiorczości" w części określonej w:<br />1) § 1 pkt 3 w zakresie sformułowania "oraz innych źródeł pozyskanych na realizację zadań wskazanych w Statucie",<br />2) § 8 ust. 1 załącznika do uchwały w zakresie sformułowania "oraz innych źródeł pozyskanych na realizacje zadań wskazanych w Statucie".</p>
<p> </p>
<p> </p>

Załączniki

Załączniki do strony

Tytuł strony
