{"id":19237,"name":"konsultacje-projektu-terytorialnego-planu-sprawiedliwej-transformacji-wojewodztwa-slaskiego-2030-v-02","title":"Konsultacje projektu Terytorialnego Planu Sprawiedliwej Transformacji Wojew\u00f3dztwa \u015al\u0105skiego 2030 \u2013 v.02","desc":"","header":"Konsultacje projektu Terytorialnego Planu Sprawiedliwej Transformacji Wojew\u00f3dztwa \u015al\u0105skiego 2030 \u2013 v.02","lead":"","keywords":"","changes":"zmiana statusu konsultacji na zako\u0144czone","menu":"","path":"\/sprawy_w_urzedzie\/konsultacje\/konsultacje-projektu-terytorialnego-planu-sprawiedliwej-transformacji-wojewodztwa-slaskiego-2030-v-02.html","url":"\/sprawy_w_urzedzie\/konsultacje\/konsultacje-projektu-terytorialnego-planu-sprawiedliwej-transformacji-wojewodztwa-slaskiego-2030-v-02.html","infoOwner":"Urz\u0105d Marsza\u0142kowski Wojew\u00f3dztwa \u015al\u0105skiego","dateFirstPublicate":"2021-06-16 12:06:03","dateLastVersionPublicate":"2024-01-22 10:16:37","dateAvailableFrom":"","dateAvailableTo":"","type":"Konsultacje","pageParams":[{"id":"222","name":"Tytu\u0142","description":"Tytu\u0142","value":"Konsultacje projektu Terytorialnego Planu Sprawiedliwej Transformacji Wojew\u00f3dztwa \u015al\u0105skiego 2030 \u2013 v.02"},{"id":"223","name":"Termin trwania konsultacji od","description":"Termin trwania konsultacji od","value":"2021-06-16"},{"id":"224","name":"Termin trwania konsultacji do","description":"Termin trwania konsultacji do","value":"2021-06-30"},{"id":"225","name":"DATA_OGLOSZENIA","description":"Data og\u0142oszenia","value":"2021-06-16"},{"id":"226","name":"Status konsultacji","description":"Status konsultacji","value":"8359"}],"components":[{"id":"bf6d5eba-d119-11e7-80a9-005056b46601","type":"ContentWYSIWYG","name":"Tre\u015b\u0107","description":"Tre\u015b\u0107 strony","content":{"content":"\u003Cp style=\u0022text-align: center;\u0022\u003E\u003Cstrong\u003EZarz\u0105d Wojew\u00f3dztwa \u015al\u0105skiego\u00a0\u003C\/strong\u003E\u00a0\u003C\/p\u003E\n\u003Cp\u003ENa podstawie art. 10a ust.1, art. 11 ust. 2 pkt 1, art. 41 ust. 1 ustawy z dnia 5 czerwca 1998 r. o samorz\u0105dzie wojew\u00f3dztwa (Dz. U. z 2020 r. poz. 1668) oraz uchwa\u0142y nr V\/60\/4\/2018 Sejmiku Wojew\u00f3dztwa \u015al\u0105skiego z dnia 13 listopada 2018 r. w sprawie zasad i trybu przeprowadzania konsultacji z mieszka\u0144cami wojew\u00f3dztwa \u015bl\u0105skiego\u00a0\u003C\/p\u003E\n\u003Cp style=\u0022text-align: center;\u0022\u003E\u003Cstrong\u003Eog\u0142asza\u003C\/strong\u003E\u00a0\u003C\/p\u003E\n\u003Cp style=\u0022text-align: center;\u0022\u003E\u00a0\u003C\/p\u003E\n\u003Cp style=\u0022text-align: center;\u0022\u003E\u003Cstrong\u003EKONSULTACJE\u003C\/strong\u003E\u00a0\u003C\/p\u003E\n\u003Cp style=\u0022text-align: center;\u0022\u003E\u003Cstrong\u003Eprojektu \u003Cem\u003ETerytorialnego Planu Sprawiedliwej Transformacji\u003C\/em\u003E\u003C\/strong\u003E\u00a0\u003C\/p\u003E\n\u003Cp style=\u0022text-align: center;\u0022\u003E\u003Cstrong\u003E\u003Cem\u003EWojew\u00f3dztwa \u015al\u0105skiego 2030 \u2013 v.02\u00a0\u003C\/em\u003E\u003C\/strong\u003E\u00a0\u003C\/p\u003E\n\u003Cp\u003E\u00a0\u003C\/p\u003E\n\u003Cp\u003EWojew\u00f3dztwo \u015bl\u0105skie jest obszarem, kt\u00f3rego dotycz\u0105 najwi\u0119ksze wyzwania transformacyjne w Unii Europejskiej. Terytorialny Plan Sprawiedliwej Transformacji b\u0119dzie podstaw\u0105 do wydatkowania \u015brodk\u00f3w Funduszu na rzecz Sprawiedliwej Transformacji oraz korzystania z innych \u017ar\u00f3de\u0142 finansowania transformacji region\u00f3w g\u00f3rniczych UE.\u00a0\u00a0\u003C\/p\u003E\n\u003Cp\u003EDo udzia\u0142u w procesie konsultacji projektu Terytorialnego Planu Sprawiedliwej Transformacji zapraszamy wszystkich zainteresowanych, w tym samorz\u0105dy, partner\u00f3w spo\u0142ecznych i gospodarczych. Projekt Planu jest dost\u0119pny pod tre\u015bci\u0105 og\u0142oszenia (patrz ni\u017cej).\u00a0\u00a0\u003C\/p\u003E\n\u003Cp\u003EWszelkie uwagi i wnioski nale\u017cy zg\u0142asza\u0107 z wykorzystaniem za\u0142\u0105czonego formularza i odes\u0142a\u0107 go na adres:\u00a0\u003C\/p\u003E\n\u003Cp style=\u0022text-align: center;\u0022\u003E\u003Cstrong\u003Etransformacja@slaskie.pl\u003C\/strong\u003E\u00a0\u003C\/p\u003E\n\u003Cp style=\u0022text-align: center;\u0022\u003E\u00a0lub\u00a0\u00a0\u003C\/p\u003E\n\u003Cp style=\u0022text-align: center;\u0022\u003E\u00a0\u003C\/p\u003E\n\u003Cp style=\u0022text-align: center;\u0022\u003E\u003Cstrong\u003EUrz\u0105d Marsza\u0142kowski Wojew\u00f3dztwa \u015al\u0105skiego\u003C\/strong\u003E\u00a0\u003C\/p\u003E\n\u003Cp style=\u0022text-align: center;\u0022\u003E\u003Cstrong\u003EDepartament Rozwoju Regionalnego\u003C\/strong\u003E\u00a0\u003Cbr \/\u003E ul. Ligonia 46; 40-037 Katowice\u00a0\u003C\/p\u003E\n\u003Cp style=\u0022text-align: center;\u0022\u003Etel.: +48 (32) 77 99 108 (lub 104), fax: +48 (32) 77 99\u202f174\u00a0\u003C\/p\u003E\n\u003Cp style=\u0022text-align: center;\u0022\u003Ez dopiskiem\u003Cstrong\u003E \u201eKonsultacje\u2013TPST v.02\u201d\u003C\/strong\u003E\u00a0\u003C\/p\u003E\n\u003Cp style=\u0022text-align: center;\u0022\u003E\u00a0Uwagi mo\u017cna przekazywa\u0107 w terminie do \u003Cstrong\u003E30 czerwca 2021 r.\u003C\/strong\u003E\u00a0\u00a0\u003C\/p\u003E\n\u003Cp\u003EOrganem w\u0142a\u015bciwym do rozpatrzenia zg\u0142oszonych opinii, uwag i wniosk\u00f3w jest Zarz\u0105d Wojew\u00f3dztwa \u015al\u0105skiego.\u00a0\u003C\/p\u003E\n\u003Cp\u003E\u003Cstrong\u003EKlauzula informacyjna o przetwarzaniu danych\u003C\/strong\u003E\u00a0\u003C\/p\u003E\n\u003Cp\u003EAdministratorem danych osobowych jest Zarz\u0105d Wojew\u00f3dztwa \u015al\u0105skiego z siedzib\u0105 przy ul. Ligonia 46, 40-037 Katowice, adres email: kancelaria@slaskie.pl, strona internetowa: bip.slaskie.pl. Dalsze informacje dotycz\u0105ce ochrony danych osobowych os\u00f3b sk\u0142adaj\u0105cych uwagi, opinie i wnioski znajduj\u0105 si\u0119 na stronie \u003Cu\u003E\u003Ca href=\u0022\/daneosobowe\/\u0022\u003Ehttps:\/\/bip.slaskie.pl\/daneosobowe\/\u003C\/a\u003E\u003C\/u\u003E\u00a0\u00a0\u003C\/p\u003E\n\u003Cp\u003E\u003Cstrong\u003E\u00a0\u003C\/strong\u003E\u003C\/p\u003E\n\u003Cp\u003EUchwa\u0142a Zarz\u0105du Wojew\u00f3dztwa \u015al\u0105skiego nr 1463\/241\/VI\/2021 z dnia 15 czerwca 2021 r. \u003Cem\u003E(link do opublikowanej na\u00a0BIP uchwa\u0142y)\u003C\/em\u003E\u003C\/p\u003E","promotion":false}},{"id":"bf6dbc25-d119-11e7-80a9-005056b46601","type":"Gallery","name":"Galeria","description":"Galeria"},{"id":"bf6e1f6b-d119-11e7-80a9-005056b46601","type":"Attachment","name":"Za\u0142\u0105czniki","description":"Za\u0142\u0105czniki do strony","content":[{"src":"\/resource\/38619\/Formularz+zg%25C5%2582aszania+uwag+RPST+v+02.docx","extension":"DOCX","name":"d1716f995458879649a968d38e171a8b.docx","size":"27.61 KB"},{"src":"\/resource\/38619\/projekt+TPST+v.+02_na+zarz%25C4%2585d_20210615.docx.pdf","extension":"PDF","name":"ede4f65c63ad38677145fb919c4910f1.pdf","size":"2.32 MB"},{"src":"\/resource\/38619\/Za%25C5%2582.+1+Lista+gmin+wchodz%25C4%2585cych+w+sk%25C5%2582ad+OSI+w+podregionach+g%25C3%25B3rniczych.pdf","extension":"PDF","name":"3643626db3842f98019d38632a915675.pdf","size":"467.57 KB"},{"src":"\/resource\/38619\/Za%25C5%2582.+2+-+Potencja%25C5%2582y+i+wyzwania+rozwojowe+wojew%25C3%25B3dztwa+%25C5%259Bl%25C4%2585skiego+w+kontek%25C5%259Bcie+sprawiedliwej+transformacji_na+Zarz%25C4%2585d.pdf","extension":"PDF","name":"8d75fb858c170f8f59d161b029056b3b.pdf","size":"4.56 MB"},{"src":"\/resource\/38619\/Za%25C5%2582.+3+Matryca+logiki++interwencji.pdf","extension":"PDF","name":"a718623187299a67eed74cb7e536a68c.pdf","size":"511.52 KB"}]},{"id":"eba03b25-d9a7-11e7-b355-005056b70dba","type":"PageTitle","name":"","description":"Tytu\u0142 strony","content":{"title":"Konsultacje projektu Terytorialnego Planu Sprawiedliwej Transformacji Wojew\u00f3dztwa \u015al\u0105skiego 2030 \u2013 v.02"}},{"id":"eba07701-d9a7-11e7-b355-005056b70dba","type":"PageDescription","name":"","description":"Zajawka strony","content":[]},{"id":"1b1a7940-ff78-11e7-b81e-005056b7801d","type":"SectionDescription","name":"","description":"Zajawka sekcji","content":[]}]}

Konsultacje projektu Terytorialnego Planu Sprawiedliwej Transformacji Województwa Śląskiego 2030 – v.02

zmiana statusu konsultacji na zakończone

Urząd Marszałkowski Województwa Śląskiego

Tytuł

Data ogłoszenia

Treść

Treść strony

<p style="text-align: center;"><strong>Zarząd Województwa Śląskiego </strong> </p>
<p>Na podstawie art. 10a ust.1, art. 11 ust. 2 pkt 1, art. 41 ust. 1 ustawy z dnia 5 czerwca 1998 r. o samorządzie województwa (Dz. U. z 2020 r. poz. 1668) oraz uchwały nr V/60/4/2018 Sejmiku Województwa Śląskiego z dnia 13 listopada 2018 r. w sprawie zasad i trybu przeprowadzania konsultacji z mieszkańcami województwa śląskiego </p>
<p style="text-align: center;"><strong>ogłasza</strong> </p>
<p style="text-align: center;"> </p>
<p style="text-align: center;"><strong>KONSULTACJE</strong> </p>
<p style="text-align: center;"><strong>projektu <em>Terytorialnego Planu Sprawiedliwej Transformacji</em></strong> </p>
<p style="text-align: center;"><strong><em>Województwa Śląskiego 2030 – v.02 </em></strong> </p>
<p> </p>
<p>Województwo śląskie jest obszarem, którego dotyczą największe wyzwania transformacyjne w Unii Europejskiej. Terytorialny Plan Sprawiedliwej Transformacji będzie podstawą do wydatkowania środków Funduszu na rzecz Sprawiedliwej Transformacji oraz korzystania z innych źródeł finansowania transformacji regionów górniczych UE.  </p>
<p>Do udziału w procesie konsultacji projektu Terytorialnego Planu Sprawiedliwej Transformacji zapraszamy wszystkich zainteresowanych, w tym samorządy, partnerów społecznych i gospodarczych. Projekt Planu jest dostępny pod treścią ogłoszenia (patrz niżej).  </p>
<p>Wszelkie uwagi i wnioski należy zgłaszać z wykorzystaniem załączonego formularza i odesłać go na adres: </p>
<p style="text-align: center;"><strong>transformacja@slaskie.pl</strong> </p>
<p style="text-align: center;"> lub  </p>
<p style="text-align: center;"> </p>
<p style="text-align: center;"><strong>Urząd Marszałkowski Województwa Śląskiego</strong> </p>
<p style="text-align: center;"><strong>Departament Rozwoju Regionalnego</strong> <br /> ul. Ligonia 46; 40-037 Katowice </p>
<p style="text-align: center;">tel.: +48 (32) 77 99 108 (lub 104), fax: +48 (32) 77 99 174 </p>
<p style="text-align: center;">z dopiskiem<strong> „Konsultacje–TPST v.02”</strong> </p>
<p style="text-align: center;"> Uwagi można przekazywać w terminie do <strong>30 czerwca 2021 r.</strong>  </p>
<p>Organem właściwym do rozpatrzenia zgłoszonych opinii, uwag i wniosków jest Zarząd Województwa Śląskiego. </p>
<p><strong>Klauzula informacyjna o przetwarzaniu danych</strong> </p>
<p>Administratorem danych osobowych jest Zarząd Województwa Śląskiego z siedzibą przy ul. Ligonia 46, 40-037 Katowice, adres email: kancelaria@slaskie.pl, strona internetowa: bip.slaskie.pl. Dalsze informacje dotyczące ochrony danych osobowych osób składających uwagi, opinie i wnioski znajdują się na stronie <u><a href="/daneosobowe/">https://bip.slaskie.pl/daneosobowe/</a></u>  </p>
<p><strong> </strong></p>
<p>Uchwała Zarządu Województwa Śląskiego nr 1463/241/VI/2021 z dnia 15 czerwca 2021 r. <em>(link do opublikowanej na BIP uchwały)</em></p>

Załączniki

Załączniki do strony

Tytuł strony
