{"id":46838,"name":"konsultacje-spoleczne-projektu-uchwaly-sejmiku-wojewodztwa-slaskiego-w-sprawie-zmiany-uchwaly-nr-vi16122019-sejmiku-wojewodztwa-slaskiego-z-dnia-16-grudnia-2019-r-w-sprawie-przyjecia-statutu-instytutu-mysli-polskiej-im-wojciecha-korfantego","title":"Konsultacje spo\u0142eczne projektu uchwa\u0142y Sejmiku Wojew\u00f3dztwa \u015al\u0105skiego w sprawie zmiany uchwa\u0142y Nr VI\/16\/12\/2019 Sejmiku Wojew\u00f3dztwa \u015al\u0105skiego z dnia 16 grudnia 2019 r. w sprawie przyj\u0119cia statutu Instytutu My\u015bli Polskiej im. Wojciecha Korfantego","desc":"","header":"Konsultacje spo\u0142eczne projektu uchwa\u0142y Sejmiku Wojew\u00f3dztwa \u015al\u0105skiego w sprawie zmiany uchwa\u0142y Nr VI\/16\/12\/2019 Sejmiku Wojew\u00f3dztwa \u015al\u0105skiego z dnia 16 grudnia 2019 r. w sprawie przyj\u0119cia statutu Instytutu My\u015bli Polskiej im. Wojciecha Korfantego","lead":"","keywords":"","changes":"Zamieszczenie uchwa\u0142y wraz z za\u0142\u0105cznikiem","menu":"","path":"\/sprawy_w_urzedzie\/konsultacje\/konsultacje-spoleczne-projektu-uchwaly-sejmiku-wojewodztwa-slaskiego-w-sprawie-zmiany-uchwaly-nr-vi16122019-sejmiku-wojewodztwa-slaskiego-z-dnia-16-grudnia-2019-r-w-sprawie-przyjecia-statutu-instytutu-mysli-polskiej-im-wojciecha-korfantego.html","url":"\/sprawy_w_urzedzie\/konsultacje\/konsultacje-spoleczne-projektu-uchwaly-sejmiku-wojewodztwa-slaskiego-w-sprawie-zmiany-uchwaly-nr-vi16122019-sejmiku-wojewodztwa-slaskiego-z-dnia-16-grudnia-2019-r-w-sprawie-przyjecia-statutu-instytutu-mysli-polskiej-im-wojciecha-korfantego.html","infoOwner":"Urz\u0105d Marsza\u0142kowski Wojew\u00f3dztwa \u015al\u0105skiego","dateFirstPublicate":"2023-07-14 13:51:06","dateLastVersionPublicate":"2023-08-16 09:54:27","dateAvailableFrom":"","dateAvailableTo":"","type":"Konsultacje","pageParams":[{"id":"222","name":"Tytu\u0142","description":"Tytu\u0142","value":"Konsultacje spo\u0142eczne projektu uchwa\u0142y Sejmiku Wojew\u00f3dztwa \u015al\u0105skiego w sprawie zmiany uchwa\u0142y Nr VI\/16\/12\/2019 Sejmiku Wojew\u00f3dztwa \u015al\u0105skiego z dnia 16 grudnia 2019 r. w sprawie przyj\u0119cia statutu Instytutu My\u015bli Polskiej im. Wojciecha Korfantego"},{"id":"223","name":"Termin trwania konsultacji od","description":"Termin trwania konsultacji od","value":"2023-07-18"},{"id":"224","name":"Termin trwania konsultacji do","description":"Termin trwania konsultacji do","value":"2023-07-31"},{"id":"225","name":"DATA_OGLOSZENIA","description":"Data og\u0142oszenia","value":"2023-07-14"},{"id":"226","name":"Status konsultacji","description":"Status konsultacji","value":"8359"}],"components":[{"id":"bf6d5eba-d119-11e7-80a9-005056b46601","type":"ContentWYSIWYG","name":"Tre\u015b\u0107","description":"Tre\u015b\u0107 strony","content":{"content":"","promotion":false}},{"id":"bf6dbc25-d119-11e7-80a9-005056b46601","type":"Gallery","name":"Galeria","description":"Galeria"},{"id":"bf6e1f6b-d119-11e7-80a9-005056b46601","type":"Attachment","name":"Za\u0142\u0105czniki","description":"Za\u0142\u0105czniki do strony","content":[{"src":"\/resource\/67261\/1545.docx","extension":"DOCX","name":"625b9a62065c6b13839ab19c62887681.docx","size":"31.19 KB"},{"src":"\/resource\/67261\/1545-za%25C5%2582%25C4%2585cznik+1.docx","extension":"DOCX","name":"36ca960ffabb0b8f6c3d035678c7fcb2.docx","size":"28.68 KB"},{"src":"\/resource\/67261\/1545-za%25C5%2582%25C4%2585cznik+2.docx","extension":"DOCX","name":"e02c0c6a1517a945464d3c1fa0145700.docx","size":"24.95 KB"},{"src":"\/resource\/67261\/1545-za%25C5%2582%25C4%2585cznik+3.rtf","extension":"RTF","name":"8076ea17730c9d4bbc73c138ff9d7787.rtf","size":"164.74 KB"},{"src":"\/resource\/67261\/02.+Uchwa%25C5%2582a+Zarz%25C4%2585du+-+statut+-+konsultacje+spo%25C5%2582eczne.docx","extension":"DOCX","name":"229ee4ea8883e209561f8a8a049e27f9.docx","size":"23.33 KB"},{"src":"\/resource\/67261\/03.+Za%25C5%2582%25C4%2585cznik+do+uchwa%25C5%2582y+-+sprawozdanie+z+konsultacji.docx","extension":"DOCX","name":"8602ec3d954b0eb540ea7d21f0f73fbb.docx","size":"22.46 KB"}]},{"id":"eba03b25-d9a7-11e7-b355-005056b70dba","type":"PageTitle","name":"","description":"Tytu\u0142 strony","content":{"title":"Konsultacje spo\u0142eczne projektu uchwa\u0142y Sejmiku Wojew\u00f3dztwa \u015al\u0105skiego w sprawie zmiany uchwa\u0142y Nr VI\/16\/12\/2019 Sejmiku Wojew\u00f3dztwa \u015al\u0105skiego z dnia 16 grudnia 2019 r. w sprawie przyj\u0119cia statutu Instytutu My\u015bli Polskiej im. Wojciecha Korfantego"}},{"id":"eba07701-d9a7-11e7-b355-005056b70dba","type":"PageDescription","name":"","description":"Zajawka strony","content":[]},{"id":"1b1a7940-ff78-11e7-b81e-005056b7801d","type":"SectionDescription","name":"","description":"Zajawka sekcji","content":[]}]}

Konsultacje społeczne projektu uchwały Sejmiku Województwa Śląskiego w sprawie zmiany uchwały Nr VI/16/12/2019 Sejmiku Województwa Śląskiego z dnia 16 grudnia 2019 r. w sprawie przyjęcia statutu Instytutu Myśli Polskiej im. Wojciecha Korfantego

Zamieszczenie uchwały wraz z załącznikiem

Urząd Marszałkowski Województwa Śląskiego

Tytuł

Data ogłoszenia

Treść

Treść strony

Załączniki

Załączniki do strony

Tytuł strony
