{"id":20514,"name":"petycja-nr-rpe-2021014-data-zlozenia-2021-08-04","title":"Petycja nr RPE-2021\/014 - data z\u0142o\u017cenia 2021-08-04","desc":"","header":"Petycja nr RPE-2021\/014 - data z\u0142o\u017cenia 2021-08-04","lead":"","keywords":"","changes":"dodanie wpisu","menu":"","path":"\/sprawy_w_urzedzie\/petycje\/przebieg_zalatwianych_petycji\/petycja-nr-rpe-2021014-data-zlozenia-2021-08-04.html","url":"\/sprawy_w_urzedzie\/petycje\/przebieg_zalatwianych_petycji\/petycja-nr-rpe-2021014-data-zlozenia-2021-08-04.html","infoOwner":"Urz\u0105d Marsza\u0142kowski Wojew\u00f3dztwa \u015al\u0105skiego","dateFirstPublicate":"2021-09-07 12:15:05","dateLastVersionPublicate":"2021-11-22 14:09:42","dateAvailableFrom":"2021-11-22 00:00:00","dateAvailableTo":"","type":"petycje","pageParams":[{"id":"207","name":"Numer","description":"Numer","value":"RPE-2021\/014"},{"id":"208","name":"Data z\u0142o\u017cenia","description":"Data z\u0142o\u017cenia","value":"2021-08-04"},{"id":"209","name":"Przedmiot","description":"Przedmiot","value":"Petycja w sprawie planowanej przebudowy DKW 948 w kontek\u015bcie uwzgl\u0119dnienia interes\u00f3w przedsi\u0119biorc\u00f3w prowadz\u0105cych dzia\u0142alno\u015b\u0107 na terenie gminy Czernich\u00f3w"},{"id":"210","name":"Sk\u0142adaj\u0105cy","description":"Sk\u0142adaj\u0105cy","value":"Wy\u0142\u0105czenie jawno\u015bci w zwi\u0105zku z brakiem zgody o kt\u00f3rej mowa w art. 4 ust. 3 ustawy o petycjach"},{"id":"211","name":"Przewidywany termin za\u0142atwienia sprawy od","description":"Przewidywany termin za\u0142atwienia sprawy od","value":"2021-08-04"},{"id":"212","name":"Przewidywany termin za\u0142atwienia sprawy do","description":"Przewidywany termin za\u0142atwienia sprawy do","value":"2021-11-04"}],"components":[{"id":"bf6d5eba-d119-11e7-80a9-005056b46601","type":"ContentWYSIWYG","name":"Tre\u015b\u0107","description":"Tre\u015b\u0107 strony","content":{"content":"","promotion":false}},{"id":"bf6dbc25-d119-11e7-80a9-005056b46601","type":"Gallery","name":"Galeria","description":"Galeria"},{"id":"bf6e1f6b-d119-11e7-80a9-005056b46601","type":"Attachment","name":"Za\u0142\u0105czniki","description":"Za\u0142\u0105czniki do strony","content":[{"src":"\/resource\/40168\/2.+Tre%25C5%259B%25C4%2587+petycji+-+anonimizacja.pdf","extension":"PDF","name":"c71ba43f2bcbd1e88832271fa744d427.pdf","size":"62.2 KB"},{"src":"\/resource\/40168\/uchwa%25C5%2582a.docx","extension":"DOCX","name":"059b099181c59a09c92181122751f4c6.docx","size":"29.57 KB"},{"src":"\/resource\/40168\/za%25C5%2582%25C4%2585cznik.docx","extension":"DOCX","name":"26371f2946b27f72777d7353f5c06a93.docx","size":"24.6 KB"}]},{"id":"eba03b25-d9a7-11e7-b355-005056b70dba","type":"PageTitle","name":"","description":"Tytu\u0142 strony","content":{"title":"Petycja nr RPE-2021\/014 - data z\u0142o\u017cenia 2021-08-04"}},{"id":"eba07701-d9a7-11e7-b355-005056b70dba","type":"PageDescription","name":"","description":"Zajawka strony","content":[]},{"id":"1b1a7940-ff78-11e7-b81e-005056b7801d","type":"SectionDescription","name":"","description":"Zajawka sekcji","content":[]}]}

Petycja nr RPE-2021/014 - data złożenia 2021-08-04

Urząd Marszałkowski Województwa Śląskiego

Data złożenia

Petycja w sprawie planowanej przebudowy DKW 948 w kontekście uwzględnienia interesów przedsiębiorców prowadzących działalność na terenie gminy Czernichów

Składający

Wyłączenie jawności w związku z brakiem zgody o której mowa w art. 4 ust. 3 ustawy o petycjach

Przewidywany termin załatwienia sprawy od

Przewidywany termin załatwienia sprawy do

Treść

Treść strony

Załączniki

Załączniki do strony

Tytuł strony
