{"id":499,"name":"regionalny-osrodek-kultury-w-bielsku-bialej","title":"Regionalny O\u015brodek Kultury w Bielsku-Bia\u0142ej","desc":"","header":"Regionalny O\u015brodek Kultury w Bielsku-Bia\u0142ej","lead":"ul. 1 Maja 8, 43-300 Bielsko-Bia\u0142a","keywords":"","changes":"zmiana na stanowisku dyrektora","menu":"","path":"\/wojewodztwo\/jednostki_org_i_spolki_z_udzialem_wojewodztwa\/jednostki_kultury\/regionalny-osrodek-kultury-w-bielsku-bialej.html","url":"\/wojewodztwo\/jednostki_org_i_spolki_z_udzialem_wojewodztwa\/jednostki_kultury\/regionalny-osrodek-kultury-w-bielsku-bialej.html","infoOwner":"Urz\u0105d Marsza\u0142kowski Wojew\u00f3dztwa \u015al\u0105skiego","dateFirstPublicate":"2018-03-13 09:30:16","dateLastVersionPublicate":"2026-01-12 14:42:36","dateAvailableFrom":"2018-03-13 09:28:31","dateAvailableTo":"","type":"Zwyk\u0142a","pageParams":[],"components":[{"id":"bf6d5eba-d119-11e7-80a9-005056b46601","type":"ContentWYSIWYG","name":"Tre\u015b\u0107","description":"Tre\u015b\u0107 strony","content":{"content":"\u003Cp\u003EDyrektor: Aneta Legierska-Bujok\u003Cbr \/\u003E tel.: +48 (33) 82 20 593\u003Cbr \/\u003E fax: +48 (33) 81 23 333\u003Cbr \/\u003E e-mail: \u003Ca href=\u0022mailto:rok@rok.bielsko.pl\u0022\u003Erok@rok.bielsko.pl\u003C\/a\u003E\u003Cbr \/\u003E strona www: \u003Ca href=\u0022http:\/\/www.rok.bielsko.pl\/\u0022 target=\u0022_blank\u0022 rel=\u0022noopener noreferrer\u0022 title=\u0022Otwracie strony w nowym oknie\u0022\u003Ewww.rok.bielsko.pl\/\u003C\/a\u003E\u003Cbr \/\u003E strona bip: \u003Ca href=\u0022http:\/\/rok.bielsko.pl\/bip\/\u0022 target=\u0022_blank\u0022 rel=\u0022noopener noreferrer\u0022 title=\u0022Otwracie strony w nowym oknie\u0022\u003Erok.bielsko.pl\/bip\/\u003C\/a\u003E\u003Cbr \/\u003E \u003Cbr \/\u003E Regionalny O\u015brodek Kultury w Bielsku-Bia\u0142ej (do wrze\u015bnia 2000 roku - Wojew\u00f3dzki O\u015brodek Kultury) dzia\u0142a od czterdziestu trzech lat.\u003Cbr \/\u003E Jest organizatorem i wsp\u00f3\u0142organizatorem m.in. Przegl\u0105du Zespo\u0142\u00f3w Kol\u0119dniczych i Obrz\u0119dowych \u201e\u017bywieckie Gody\u0022, Og\u00f3lnopolskiego Konkursu Recytatorskiego dla Gimnazjalist\u00f3w \u201ePrzebudzeni do \u017bycia\u0022, Przegl\u0105du Dzieci\u0119cych Zespo\u0142\u00f3w Folklorystycznych w Wi\u015ble, Wojew\u00f3dzkiego Przegl\u0105du Wiejskich Zespo\u0142\u00f3w Artystycznych w Brennej oraz Tygodnia Kultury Beskidzkiej w Wi\u015ble, Szczyrku, \u017bywcu, Makowie Podhala\u0144skim i O\u015bwi\u0119cimiu. TKB to najwi\u0119ksza i jedna z najstarszych imprez folklorystycznych w Polsce. W jej ramach odbywaj\u0105 si\u0119: Festiwal Folkloru G\u00f3rali Polskich i Mi\u0119dzynarodowe Spotkania Folklorystyczne oraz Festyn Istebnia\u0144ski w Istebnej, Wawrzy\u0144cowe Hudy w Ujso\u0142ach i Gorolski \u015awi\u0119to w Jab\u0142onkowie na Zaolziu (Republika Czeska). Uczestniczy w niej corocznie ok. 100 zespo\u0142\u00f3w folklorystycznych z r\u00f3\u017cnych kontynent\u00f3w oraz instrumentali\u015bci i tw\u00f3rcy ludowi.\u003Cbr \/\u003E Do tej pory ROK zorganizowa\u0142 kilkadziesi\u0105t konkurs\u00f3w plastycznych, fotograficznych oraz dotycz\u0105cych sztuki ludowej (r\u00f3wnie\u017c o zasi\u0119gu mi\u0119dzynarodowym). ROK organizuje kiermasze oraz wystawy sztuki ludowej odbywaj\u0105ce si\u0119 w wojew\u00f3dztwie, kraju oraz poza granicami.\u003Cbr \/\u003E W o\u015brodku opracowano ponad 200 katalog\u00f3w, folder\u00f3w, informator\u00f3w, tak\u017ce ksi\u0105\u017cek o tw\u00f3rcach i zespo\u0142ach, dzia\u0142aczach kultury, zwyczajach i obrz\u0119dach. Og\u00f3lnopolskie uznanie zyska\u0142 wypracowany przez ROK, a realizowany od 1993 roku program edukacji folklorystycznej. W szko\u0142ach i plac\u00f3wkach kultury staraniem O\u015brodka odbywaj\u0105 si\u0119 praktyczne zaj\u0119cia z kilku dziedzin sztuki ludowej i folkloru. Organizowane s\u0105 r\u00f3wnie\u017c warsztaty szkoleniowe dla instruktor\u00f3w ta\u0144ca ludowego.\u003Cbr \/\u003E W siedzibie Regionalnego O\u015brodka Kultury mie\u015bci si\u0119 od 1990 r. Galeria Sztuki, w kt\u00f3rej do tej pory zorganizowano ponad 250 ekspozycji prezentuj\u0105cych tw\u00f3rczo\u015b\u0107 artyst\u00f3w profesjonalnych oraz amator\u00f3w, w tym przede wszystkim dokonania tw\u00f3rc\u00f3w ludowych. Znajduje si\u0119 tam r\u00f3wnie\u017c sta\u0142a ekspozycja wsp\u00f3\u0142czesnych polskich zabawek ludowych przygotowana w ramach dzia\u0142alno\u015bci Beskidzkiego Centrum Zabawkarstwa Ludowego. \u003Cbr \/\u003E ROK wydaje od 2006 r. kwartalnik \u201eRelacje - Interpretacje\u0022, od osiemnastu lat staraniem O\u015brodka ukazuje si\u0119 r\u00f3wnie\u017c rocznik \u201eKalendarz Kulturalny Wojew\u00f3dztwa \u015al\u0105skiego\u0022.\u003Cbr \/\u003E Za swoj\u0105 dzia\u0142alno\u015b\u0107 Regionalny O\u015brodek Kultury w Bielsku-Bia\u0142ej uhonorowany zosta\u0142 m.in. Dyplomami Honorowymi Ministra Kultury i Sztuki (1988 i 1993), Nagrod\u0105 im. Oskara Kolberga (1999), Z\u0142ot\u0105 Odznak\u0105 Honorow\u0105 za Zas\u0142ugi dla Wojew\u00f3dztwa \u015al\u0105skiego (2009) oraz Z\u0142ot\u0105 Odznak\u0105 Honorow\u0105 Polskiego Zwi\u0105zku Ch\u00f3r\u00f3w i Orkiestr (2008).\u003C\/p\u003E","promotion":false}},{"id":"bf6dbc25-d119-11e7-80a9-005056b46601","type":"Gallery","name":"Galeria","description":"Galeria"},{"id":"bf6e1f6b-d119-11e7-80a9-005056b46601","type":"Attachment","name":"Za\u0142\u0105czniki","description":"Za\u0142\u0105czniki do strony"},{"id":"eba03b25-d9a7-11e7-b355-005056b70dba","type":"PageTitle","name":"","description":"Tytu\u0142 strony","content":{"title":"Regionalny O\u015brodek Kultury w Bielsku-Bia\u0142ej"}},{"id":"eba07701-d9a7-11e7-b355-005056b70dba","type":"PageDescription","name":"","description":"Zajawka strony","content":{"desc":"ul. 1 Maja 8, 43-300 Bielsko-Bia\u0142a"}},{"id":"1b1a7940-ff78-11e7-b81e-005056b7801d","type":"SectionDescription","name":"","description":"Zajawka sekcji","content":[]}]}

Regionalny Ośrodek Kultury w Bielsku-Białej

ul. 1 Maja 8, 43-300 Bielsko-Biała

Urząd Marszałkowski Województwa Śląskiego

Zwykła

Treść

Treść strony

<p>Dyrektor: Aneta Legierska-Bujok<br /> tel.: +48 (33) 82 20 593<br /> fax: +48 (33) 81 23 333<br /> e-mail: <a href="mailto:rok@rok.bielsko.pl">rok@rok.bielsko.pl</a><br /> strona www: <a href="http://www.rok.bielsko.pl/" target="_blank" rel="noopener noreferrer" title="Otwracie strony w nowym oknie">www.rok.bielsko.pl/</a><br /> strona bip: <a href="http://rok.bielsko.pl/bip/" target="_blank" rel="noopener noreferrer" title="Otwracie strony w nowym oknie">rok.bielsko.pl/bip/</a><br /> <br /> Regionalny Ośrodek Kultury w Bielsku-Białej (do września 2000 roku - Wojewódzki Ośrodek Kultury) działa od czterdziestu trzech lat.<br /> Jest organizatorem i współorganizatorem m.in. Przeglądu Zespołów Kolędniczych i Obrzędowych „Żywieckie Gody", Ogólnopolskiego Konkursu Recytatorskiego dla Gimnazjalistów „Przebudzeni do Życia", Przeglądu Dziecięcych Zespołów Folklorystycznych w Wiśle, Wojewódzkiego Przeglądu Wiejskich Zespołów Artystycznych w Brennej oraz Tygodnia Kultury Beskidzkiej w Wiśle, Szczyrku, Żywcu, Makowie Podhalańskim i Oświęcimiu. TKB to największa i jedna z najstarszych imprez folklorystycznych w Polsce. W jej ramach odbywają się: Festiwal Folkloru Górali Polskich i Międzynarodowe Spotkania Folklorystyczne oraz Festyn Istebniański w Istebnej, Wawrzyńcowe Hudy w Ujsołach i Gorolski Święto w Jabłonkowie na Zaolziu (Republika Czeska). Uczestniczy w niej corocznie ok. 100 zespołów folklorystycznych z różnych kontynentów oraz instrumentaliści i twórcy ludowi.<br /> Do tej pory ROK zorganizował kilkadziesiąt konkursów plastycznych, fotograficznych oraz dotyczących sztuki ludowej (również o zasięgu międzynarodowym). ROK organizuje kiermasze oraz wystawy sztuki ludowej odbywające się w województwie, kraju oraz poza granicami.<br /> W ośrodku opracowano ponad 200 katalogów, folderów, informatorów, także książek o twórcach i zespołach, działaczach kultury, zwyczajach i obrzędach. Ogólnopolskie uznanie zyskał wypracowany przez ROK, a realizowany od 1993 roku program edukacji folklorystycznej. W szkołach i placówkach kultury staraniem Ośrodka odbywają się praktyczne zajęcia z kilku dziedzin sztuki ludowej i folkloru. Organizowane są również warsztaty szkoleniowe dla instruktorów tańca ludowego.<br /> W siedzibie Regionalnego Ośrodka Kultury mieści się od 1990 r. Galeria Sztuki, w której do tej pory zorganizowano ponad 250 ekspozycji prezentujących twórczość artystów profesjonalnych oraz amatorów, w tym przede wszystkim dokonania twórców ludowych. Znajduje się tam również stała ekspozycja współczesnych polskich zabawek ludowych przygotowana w ramach działalności Beskidzkiego Centrum Zabawkarstwa Ludowego. <br /> ROK wydaje od 2006 r. kwartalnik „Relacje - Interpretacje", od osiemnastu lat staraniem Ośrodka ukazuje się również rocznik „Kalendarz Kulturalny Województwa Śląskiego".<br /> Za swoją działalność Regionalny Ośrodek Kultury w Bielsku-Białej uhonorowany został m.in. Dyplomami Honorowymi Ministra Kultury i Sztuki (1988 i 1993), Nagrodą im. Oskara Kolberga (1999), Złotą Odznaką Honorową za Zasługi dla Województwa Śląskiego (2009) oraz Złotą Odznaką Honorową Polskiego Związku Chórów i Orkiestr (2008).</p>

Załączniki

Załączniki do strony

Tytuł strony
